{"id":34,"date":"2019-08-17T14:54:42","date_gmt":"2019-08-17T14:54:42","guid":{"rendered":"http:\/\/demo1.muathemewordpress.net\/?page_id=34"},"modified":"2020-05-22T09:53:53","modified_gmt":"2020-05-22T02:53:53","slug":"lien-he","status":"publish","type":"page","link":"https:\/\/renren.vn\/w\/bds232011\/lien-he","title":{"rendered":"Li\u00ean h\u1ec7"},"content":{"rendered":"\t<section class=\"section lien-he\" id=\"section_366124886\">\n\t\t<div class=\"bg section-bg fill bg-fill  bg-loaded\" >\n\n\t\t\t\n\t\t\t\n\t\t\t\n\n\t\t<\/div>\n\n\t\t<div class=\"section-content relative\">\n\t\t\t\n<div class=\"sago_title\">\n<h2>LI\u00caN H\u1ec6<\/h2>\n<div class=\"title-line\">\n<div class=\"tl-1\"><\/div>\n<div class=\"tl-2\"><\/div>\n<div class=\"tl-3\"><\/div>\n<\/div>\n<\/div>\n<div class=\"row\"  id=\"row-414986123\">\n\n\t<div id=\"col-479970265\" class=\"col medium-6 small-12 large-6\"  >\n\t\t<div class=\"col-inner\"  >\n\t\t\t\n\t\t\t\n<h4 class=\"theme-color\">C\u00d4NG TY B\u1ea4T \u0110\u1ed8NG S\u1ea2N ACTECH<\/h4>\n<ul>\n<li><i class=\"icon-map-pin-fill\"><\/i> \u0110\u1ecba ch\u1ec9: 231-233 L\u00ea Th\u00e1nh T\u00f4n, Ph\u01b0\u1eddng B\u1ebfn Th\u00e0nh, Qu\u1eadn 1<\/li>\n<li><i class=\"icon-phone\"><\/i> \u0110i\u1ec7n tho\u1ea1i: 0999 999 999<\/li>\n<li><i class=\"icon-envelop\"><\/i> info@renren.vn<\/li>\n<\/ul>\n<p><iframe loading=\"lazy\" style=\"border: 0;\" src=\"https:\/\/www.google.com\/maps\/embed?pb=!1m18!1m12!1m3!1d3834.6351555546985!2d108.21804001416947!3d16.032497044681417!2m3!1f0!2f0!3f0!3m2!1i1024!2i768!4f13.1!3m3!1m2!1s0x314219a163ce50ed%3A0x377594e75757bf4c!2zNTEgWMO0IFZp4bq_dCBOZ2jhu4cgVMSpbmgsIEhvw6AgQ8aw4budbmcgTmFtLCBI4bqjaSBDaMOidSwgxJDDoCBO4bq1bmcsIFZp4buHdCBOYW0!5e0!3m2!1svi!2s!4v1566440804719!5m2!1svi!2s\" width=\"100%\" height=\"200\" frameborder=\"0\" allowfullscreen=\"allowfullscreen\"><\/iframe><\/p>\n\t\t<\/div>\n\t\t\t<\/div>\n\n\t\n\n\t<div id=\"col-1443524238\" class=\"col medium-6 small-12 large-6\"  >\n\t\t<div class=\"col-inner\"  >\n\t\t\t\n\t\t\t\n<h4 class=\"theme-color\">LI\u00caN H\u1ec6 V\u1edaI CH\u00daNG T\u00d4I<\/h4>\n<div role=\"form\" class=\"wpcf7\" id=\"wpcf7-f7-o1\" lang=\"en-US\" dir=\"ltr\">\n<div class=\"screen-reader-response\"><p role=\"status\" aria-live=\"polite\" aria-atomic=\"true\"><\/p> <ul><\/ul><\/div>\n<form action=\"\/w\/bds232011\/wp-json\/wp\/v2\/pages\/34#wpcf7-f7-o1\" method=\"post\" class=\"wpcf7-form init\" novalidate=\"novalidate\" data-status=\"init\">\n<div style=\"display: none;\">\n<input type=\"hidden\" name=\"_wpcf7\" value=\"7\" \/>\n<input type=\"hidden\" name=\"_wpcf7_version\" value=\"5.3\" \/>\n<input type=\"hidden\" name=\"_wpcf7_locale\" value=\"en_US\" \/>\n<input type=\"hidden\" name=\"_wpcf7_unit_tag\" value=\"wpcf7-f7-o1\" \/>\n<input type=\"hidden\" name=\"_wpcf7_container_post\" value=\"0\" \/>\n<input type=\"hidden\" name=\"_wpcf7_posted_data_hash\" value=\"\" \/>\n<\/div>\n<div class=\"form-flat\">\n<span class=\"wpcf7-form-control-wrap your-name\"><input type=\"text\" name=\"your-name\" value=\"\" size=\"40\" class=\"wpcf7-form-control wpcf7-text wpcf7-validates-as-required\" aria-required=\"true\" aria-invalid=\"false\" placeholder=\"H\u1ecd v\u00e0 t\u00ean *\" \/><\/span><\/p>\n<p><span class=\"wpcf7-form-control-wrap your-email\"><input type=\"email\" name=\"your-email\" value=\"\" size=\"40\" class=\"wpcf7-form-control wpcf7-text wpcf7-email wpcf7-validates-as-required wpcf7-validates-as-email\" aria-required=\"true\" aria-invalid=\"false\" placeholder=\"Email *\" \/><\/span> <\/p>\n<p><span class=\"wpcf7-form-control-wrap tel-595\"><input type=\"tel\" name=\"tel-595\" value=\"\" size=\"40\" class=\"wpcf7-form-control wpcf7-text wpcf7-tel wpcf7-validates-as-required wpcf7-validates-as-tel\" aria-required=\"true\" aria-invalid=\"false\" placeholder=\"S\u1ed1 \u0111i\u1ec7n tho\u1ea1i *\" \/><\/span> <\/p>\n<p><span class=\"wpcf7-form-control-wrap your-message\"><textarea name=\"your-message\" cols=\"40\" rows=\"10\" class=\"wpcf7-form-control wpcf7-textarea\" aria-invalid=\"false\" placeholder=\"N\u1ed9i dung\"><\/textarea><\/span> <\/p>\n<p><input type=\"submit\" value=\"G\u1eecI\" class=\"wpcf7-form-control wpcf7-submit button\" \/>\n<\/p><\/div>\n<div class=\"wpcf7-response-output\" aria-hidden=\"true\"><\/div><\/form><\/div>\n\t\t<\/div>\n\t\t\t<\/div>\n\n\t\n<\/div>\n\t\t<\/div>\n\n\t\t\n<style>\n#section_366124886 {\n  padding-top: 29px;\n  padding-bottom: 29px;\n}\n<\/style>\n\t<\/section>\n\t\n","protected":false},"excerpt":{"rendered":"","protected":false},"author":4,"featured_media":0,"parent":0,"menu_order":0,"comment_status":"closed","ping_status":"closed","template":"page-blank.php","meta":[],"_links":{"self":[{"href":"https:\/\/renren.vn\/w\/bds232011\/wp-json\/wp\/v2\/pages\/34"}],"collection":[{"href":"https:\/\/renren.vn\/w\/bds232011\/wp-json\/wp\/v2\/pages"}],"about":[{"href":"https:\/\/renren.vn\/w\/bds232011\/wp-json\/wp\/v2\/types\/page"}],"author":[{"embeddable":true,"href":"https:\/\/renren.vn\/w\/bds232011\/wp-json\/wp\/v2\/users\/4"}],"replies":[{"embeddable":true,"href":"https:\/\/renren.vn\/w\/bds232011\/wp-json\/wp\/v2\/comments?post=34"}],"version-history":[{"count":14,"href":"https:\/\/renren.vn\/w\/bds232011\/wp-json\/wp\/v2\/pages\/34\/revisions"}],"predecessor-version":[{"id":1091,"href":"https:\/\/renren.vn\/w\/bds232011\/wp-json\/wp\/v2\/pages\/34\/revisions\/1091"}],"wp:attachment":[{"href":"https:\/\/renren.vn\/w\/bds232011\/wp-json\/wp\/v2\/media?parent=34"}],"curies":[{"name":"wp","href":"https:\/\/api.w.org\/{rel}","templated":true}]}}