{"id":419,"date":"2019-10-07T23:13:10","date_gmt":"2019-10-07T16:13:10","guid":{"rendered":"http:\/\/shop2.muathemewordpress.net\/?post_type=product&#038;p=419"},"modified":"2020-05-23T09:47:57","modified_gmt":"2020-05-23T02:47:57","slug":"camera-nguy-trang-dong-ho-treo-tuong-ifocus-st27","status":"publish","type":"product","link":"https:\/\/renren.vn\/w\/bachhoa22011\/san-pham\/camera-nguy-trang-dong-ho-treo-tuong-ifocus-st27\/","title":{"rendered":"Camera ng\u1ee5y trang \u0111\u1ed3ng h\u1ed3 treo t\u01b0\u1eddng iFocus ST27"},"content":{"rendered":"<h3><strong>T\u00ednh n\u0103ng \u0111\u1eb7c \u0111i\u1ec3m c\u1ee7a Camera ng\u1ee5y trang \u0111\u1ed3ng \u0111\u1ed3 treo t\u01b0\u1eddng Ifocus ST27:<\/strong><\/h3>\n<ul>\n<li>M\u1eaft camera n\u1eb1m \u1edf s\u1ed1 2 tr\u00ean m\u1eb7t \u0111\u1ed3ng h\u1ed3.<\/li>\n<li>V\u1eeba l\u00e0 \u0111\u1ed3ng h\u1ed3 theo d\u00f5i th\u1eddi gian, v\u1eeba l\u00e0 m\u1ed9t camera an ninh, ng\u1ee5y trang tuy\u1ec7t v\u1eddi.<\/li>\n<li>\u00a0Quay phim cho ch\u1ea5t l\u01b0\u1ee3ng cao Full HD 1080P.<\/li>\n<li>\u00a0H\u1ed7 tr\u1ee3 gi\u00e1m s\u00e1t t\u1eeb xa qua \u0111i\u1ec7n tho\u1ea1i di \u0111\u1ed9ng v\u1edbi ph\u1ea7n m\u1ec1m iPhone IOS, \u0111i\u1ec7n tho\u1ea1i Android mi\u1ec5n ph\u00ed tr\u1ecdn \u0111\u1eddi.<\/li>\n<li>\u00a0H\u1ed7 tr\u1ee3 ghi h\u00ecnh tr\u1ef1c ti\u1ebfp l\u01b0u tr\u1eef tr\u00ean th\u1ebb nh\u1edb Micro SD t\u1ed1i \u0111a l\u00ean \u0111\u1ebfn 32GB (l\u01b0u li\u00ean t\u1ee5c \u0111\u01b0\u1ee3c 4-5 ng\u00e0y)<\/li>\n<li>\u00a0K\u1ebft n\u1ed1i wifi v\u00e0 internet nhanh ch\u00f3ng, d\u1ec5 d\u00e0ng.<\/li>\n<li>\u00a0B\u00ed m\u00e2t k\u00edn \u0111\u00e1o.<\/li>\n<\/ul>\n<h3><strong>L\u1ee3i \u00edch kh\u00e1ch h\u00e0ng nh\u1eadn \u0111\u01b0\u1ee3c:<\/strong><\/h3>\n<ul>\n<li>Kh\u00f3 ai c\u00f3 th\u1ec3 ph\u00e1t hi\u1ec7n ra s\u1ef1 kh\u00e1c bi\u1ec7t gi\u1eefa 1 chi\u1ebfc \u0111\u1ed3ng h\u1ed3 th\u00f4ng th\u01b0\u1eddng v\u00e0 1 chi\u1ebfc camera ng\u1ee5y trang n\u00e0y.<\/li>\n<li>\u0110\u1ed9 ph\u00e2n gi\u1ea3i full HD cho ch\u1ea5t l\u01b0\u1ee3ng video c\u1ef1c n\u00e9t. Gi\u00fap nh\u1eefng c\u1ea3nh quay s\u1eafc n\u00e9t, k\u1ec3 c\u1ea3 ban \u0111\u00eam.<\/li>\n<li>H\u1ed7 tr\u1ee3 gi\u00e1m s\u00e1t t\u1eeb xa nh\u1eefng s\u1ef1 vi\u1ec7c t\u1ea1i nh\u00e0, c\u01a1 quan,\u2026 khi b\u1ea1n v\u1eafng nh\u00e0 ho\u1eb7c \u0111i c\u00f4ng t\u00e1c. \u0110\u1eb7c bi\u1ec7t, n\u1ebfu nh\u00e0 b\u1ea1n c\u00f3 ng\u01b0\u1eddi gi\u00fap vi\u1ec7c tr\u00f4ng con, th\u00ec n\u00ean c\u00f3 m\u1ed9t chi\u1ebfc camera \u0111\u1ed3ng h\u1ed3 ng\u1ee5y trang Ifocus \u0111\u1ec3 quan s\u00e1t ho\u1ea1t \u0111\u1ed9ng c\u1ee7a h\u1ecd.<\/li>\n<li>\u0110a s\u1ed1 c\u00e1c h\u1ed9 gia \u0111\u00ecnh \u0111\u1ec1u s\u1eed d\u1ee5ng m\u1ea1ng wifi. Ch\u00ednh v\u00ec v\u1eady vi\u1ec7c k\u1ebft n\u1ed1i camera ng\u1ee5y trang \u0111\u1ed3ng h\u1ed3 kh\u00f4ng h\u1ec1 g\u1eb7p kh\u00f3 kh\u0103n.<\/li>\n<li>C\u00f3 th\u1ec3 d\u00f9ng pin s\u1ea1c d\u1ef1 ph\u00f2ng khi m\u1ea5t \u0111i\u1ec7n v\u1eabn theo d\u00f5i \u0111\u01b0\u1ee3c.<\/li>\n<li>V\u1edbi t\u00ednh n\u0103ng v\u01b0\u1ee3t tr\u1ed9i c\u00e0i \u0111\u1eb7t r\u1ea5t d\u1ec5 d\u00e0ng ch\u1ec9 trong v\u00f2ng 3 ph\u00fat.<\/li>\n<\/ul>\n","protected":false},"excerpt":{"rendered":"<p>S\u1ea3n ph\u1ea9m gi\u00fap b\u1ea1n gi\u00e1m s\u00e1t hi\u1ec7u kh\u00f4ng gian gia \u0111\u00ecnh, v\u0103n ph\u00f2ng l\u00e0m vi\u1ec7c. Thi\u1ebft k\u1ebf ng\u1ee5y trang \u0111\u1ed3ng h\u1ed3 treo t\u01b0\u1eddng ho\u00e0n to\u00e0n k\u00edn \u0111\u00e1o, b\u00ed m\u1eadt. Camera ng\u1ee5y trang \u0111\u1ed3ng h\u1ed3 treo t\u01b0\u1eddng ST27 h\u1ed7 tr\u1ee3 k\u1ebft n\u1ed1i wifi xem v\u00e0 \u0111i\u1ec1u khi\u1ec3n t\u1eeb xa qua \u0111i\u1ec7n tho\u1ea1i.<\/p>\n","protected":false},"featured_media":420,"comment_status":"open","ping_status":"closed","template":"","meta":[],"_links":{"self":[{"href":"https:\/\/renren.vn\/w\/bachhoa22011\/wp-json\/wp\/v2\/product\/419"}],"collection":[{"href":"https:\/\/renren.vn\/w\/bachhoa22011\/wp-json\/wp\/v2\/product"}],"about":[{"href":"https:\/\/renren.vn\/w\/bachhoa22011\/wp-json\/wp\/v2\/types\/product"}],"replies":[{"embeddable":true,"href":"https:\/\/renren.vn\/w\/bachhoa22011\/wp-json\/wp\/v2\/comments?post=419"}],"wp:featuredmedia":[{"embeddable":true,"href":"https:\/\/renren.vn\/w\/bachhoa22011\/wp-json\/wp\/v2\/media\/420"}],"wp:attachment":[{"href":"https:\/\/renren.vn\/w\/bachhoa22011\/wp-json\/wp\/v2\/media?parent=419"}],"curies":[{"name":"wp","href":"https:\/\/api.w.org\/{rel}","templated":true}]}}