{"id":1477,"date":"2018-12-07T14:49:08","date_gmt":"2018-12-07T07:49:08","guid":{"rendered":"http:\/\/shop2.khowebseotop.vn\/?post_type=product&#038;p=1477"},"modified":"2018-12-07T14:49:08","modified_gmt":"2018-12-07T07:49:08","slug":"kinh-phong-dai-man-hinh-dien-thoai-4d","status":"publish","type":"product","link":"https:\/\/renren.vn\/w\/bachhoa12011\/san-pham\/kinh-phong-dai-man-hinh-dien-thoai-4d\/","title":{"rendered":"K\u00ednh ph\u00f3ng \u0111\u1ea1i m\u00e0n h\u00ecnh \u0111i\u1ec7n tho\u1ea1i 4D"},"content":{"rendered":"<h2>K\u00ednh ph\u00f3ng \u0111\u1ea1i m\u00e0n h\u00ecnh \u0111i\u1ec7n tho\u1ea1i 4D<\/h2>\n<p>Ng\u00e0y nay, smartphone g\u1ea7n nh\u01b0 \u0111\u00e3 tr\u1edf th\u00e0nh m\u1ed9t v\u1eadt b\u1ea5t ly th\u00e2n c\u1ee7a h\u1ea7u h\u1ebft m\u1ecdi ng\u01b0\u1eddi, \u1edf h\u1ea7u h\u1ebft c\u00e1c l\u1ee9a tu\u1ed5i, \u0111\u1eb7c bi\u1ec7t l\u00e0 v\u1edbi c\u00e1c b\u1ea1n tr\u1ebb. \u0110\u1ec3 n\u00f3i \u0111\u1ebfn s\u1ef1 ti\u1ec7n d\u1ee5ng v\u00e0 l\u00fd do t\u1ea1i sao chi\u1ebfc smartphone l\u1ea1i c\u00f3 s\u1ee9c lan t\u1ecfa \u0111\u1ebfn v\u1eady th\u00ec ch\u1eafc h\u1eb3n trong m\u1ed9t b\u00e0i vi\u1ebft l\u00e0 kh\u00f4ng th\u1ec3 n\u00f3i h\u1ebft.<\/p>\n<p>C\u00f9ng v\u1edbi chi\u1ebfc \u0111i\u1ec7n tho\u1ea1i th\u00f4ng minh \u0111ang th\u1ed1ng tr\u1ecb th\u1ebf gi\u1edbi c\u00f4ng ngh\u1ec7, h\u00e0ng lo\u1ea1t nh\u1eefng s\u1ea3n ph\u1ea9m ti\u1ec7n \u00edch b\u1ed5 tr\u1ee3 \u0111\u00e3 \u0111\u01b0\u1ee3c ra \u0111\u1eddi nh\u1eb1m mang l\u1ea1i nhi\u1ec1u h\u01a1n n\u1eefa c\u00f4ng n\u0103ng s\u1eed d\u1ee5ng cho d\u1ebf y\u00eau c\u1ee7a b\u1ea1n, trong \u0111\u00f3 c\u00f3 s\u1ea3n ph\u1ea9m<em><strong> k\u00ednh 4D ph\u00f3ng to m\u00e0n h\u00ecnh \u0111i\u1ec7n tho\u1ea1i<\/strong><\/em> &#8211; th\u00edch h\u1ee3p cho m\u1ecdi lo\u1ea1i smartphone v\u1edbi k\u00edch th\u01b0\u1edbc kh\u00e1c nhau.<\/p>\n<p><a href=\"http:\/\/shop2.khowebseotop.vn\/wp-content\/uploads\/2018\/12\/Kinh-phong-dai-man-hinh-dien-thoai-4D-1.jpg\"><img loading=\"lazy\" class=\"alignnone size-full wp-image-1475\" src=\"http:\/\/shop2.khowebseotop.vn\/wp-content\/uploads\/2018\/12\/Kinh-phong-dai-man-hinh-dien-thoai-4D-1.jpg\" alt=\"K\u00ednh ph\u00f3ng \u0111\u1ea1i m\u00e0n h\u00ecnh \u0111i\u1ec7n tho\u1ea1i 4D\" width=\"800\" height=\"800\" srcset=\"https:\/\/renren.vn\/w\/bachhoa12011\/wp-content\/uploads\/2018\/12\/Kinh-phong-dai-man-hinh-dien-thoai-4D-1.jpg 800w, https:\/\/renren.vn\/w\/bachhoa12011\/wp-content\/uploads\/2018\/12\/Kinh-phong-dai-man-hinh-dien-thoai-4D-1-510x510.jpg 510w, https:\/\/renren.vn\/w\/bachhoa12011\/wp-content\/uploads\/2018\/12\/Kinh-phong-dai-man-hinh-dien-thoai-4D-1-150x150.jpg 150w, https:\/\/renren.vn\/w\/bachhoa12011\/wp-content\/uploads\/2018\/12\/Kinh-phong-dai-man-hinh-dien-thoai-4D-1-300x300.jpg 300w, https:\/\/renren.vn\/w\/bachhoa12011\/wp-content\/uploads\/2018\/12\/Kinh-phong-dai-man-hinh-dien-thoai-4D-1-768x768.jpg 768w, https:\/\/renren.vn\/w\/bachhoa12011\/wp-content\/uploads\/2018\/12\/Kinh-phong-dai-man-hinh-dien-thoai-4D-1-100x100.jpg 100w\" sizes=\"(max-width: 800px) 100vw, 800px\" \/><\/a><\/p>\n<p><strong>VIDEO REVIEW S\u1ea2N PH\u1ea8M K\u00cdNH PH\u00d3NG TO M\u00c0N H\u00ccNH \u0110I\u1ec6N THO\u1ea0I 4D<\/strong><\/p>\n<p><iframe src=\"\/wp-content\/uploads\/2018\/12\/Kinh-phong-dai-man-hinh-dien-thoai-4D-5.jpg\"><img loading=\"lazy\" class=\"alignnone size-full wp-image-1480\" src=\"http:\/\/shop2.khowebseotop.vn\/wp-content\/uploads\/2018\/12\/Kinh-phong-dai-man-hinh-dien-thoai-4D-5.jpg\" alt=\"B\u00e1n s\u1ec9 K\u00ednh ph\u00f3ng \u0111\u1ea1i m\u00e0n h\u00ecnh \u0111i\u1ec7n tho\u1ea1i 4D\" width=\"800\" height=\"800\" srcset=\"https:\/\/renren.vn\/w\/bachhoa12011\/wp-content\/uploads\/2018\/12\/Kinh-phong-dai-man-hinh-dien-thoai-4D-5.jpg 800w, https:\/\/renren.vn\/w\/bachhoa12011\/wp-content\/uploads\/2018\/12\/Kinh-phong-dai-man-hinh-dien-thoai-4D-5-510x510.jpg 510w, https:\/\/renren.vn\/w\/bachhoa12011\/wp-content\/uploads\/2018\/12\/Kinh-phong-dai-man-hinh-dien-thoai-4D-5-150x150.jpg 150w, https:\/\/renren.vn\/w\/bachhoa12011\/wp-content\/uploads\/2018\/12\/Kinh-phong-dai-man-hinh-dien-thoai-4D-5-300x300.jpg 300w, https:\/\/renren.vn\/w\/bachhoa12011\/wp-content\/uploads\/2018\/12\/Kinh-phong-dai-man-hinh-dien-thoai-4D-5-768x768.jpg 768w, https:\/\/renren.vn\/w\/bachhoa12011\/wp-content\/uploads\/2018\/12\/Kinh-phong-dai-man-hinh-dien-thoai-4D-5-100x100.jpg 100w\" sizes=\"(max-width: 800px) 100vw, 800px\" \/><\/a><\/p>\n<h3>K\u00ednh ph\u00f3ng \u0111\u1ea1i m\u00e0n h\u00ecnh \u0111i\u1ec7n tho\u1ea1i 4D l\u00e0 g\u00ec ?<\/h3>\n<p><strong>K\u00ednh ph\u00f3ng \u0111\u1ea1i m\u00e0n h\u00ecnh 4D<\/strong> l\u00e0 m\u1ed9t b\u1ed9 s\u1ea3n ph\u1ea9m bao g\u1ed3m k\u1ec7 \u0111\u1ee1 v\u00e0 m\u1ed9t chi\u1ebfc k\u00ednh d\u1ea1ng k\u00ednh l\u00fap ph\u00f3ng \u0111\u1ea1i gi\u00fap ph\u1ea3n chi\u1ebfu l\u1ea1i nh\u1eefng h\u00ecnh \u1ea3nh \u0111\u01b0\u1ee3c ph\u00e1t tr\u00ean m\u00e0n h\u00ecnh \u0111i\u1ec7n tho\u1ea1i m\u1ed9t c\u00e1ch ch\u00e2n th\u1eadt v\u1edbi k\u00edch th\u01b0\u1edbc l\u1edbn h\u01a1n g\u1ea5p 3 \u0111\u1ebfn 5 l\u1ea7n. S\u1ea3n ph\u1ea9m n\u00e0y gi\u00fap b\u1ea1n c\u00f3 \u0111\u01b0\u1ee3c tr\u1ea3i nghi\u1ec7m xem phim tr\u00ean \u0111i\u1ec7n tho\u1ea1i m\u1ed9t c\u00e1ch t\u1ed1t nh\u1ea5t, kh\u00f4ng l\u00e0m \u1ea3nh h\u01b0\u1edfng \u0111\u1ebfn m\u1eaft, gi\u1ea3i ph\u00f3ng cho \u0111\u00f4i tay v\u1edbi gi\u00e1 \u0111\u1ee1 ti\u1ec7n l\u1ee3i.<\/p>\n<p>Thay v\u00ec b\u1ecf m\u1ed9t s\u1ed1 ti\u1ec1n r\u1ea5t l\u1edbn \u0111\u1ec3 mua m\u1ed9t chi\u1ebfc ipad \u0111\u1ec3 xem phim th\u00ec k\u00ednh 4D ph\u00f3ng to m\u00e0n h\u00ecnh \u0111i\u1ec7n tho\u1ea1i l\u00e0 m\u1ed9t l\u1ef1a ch\u1ecdn th\u00f4ng minh, ti\u1ebft ki\u1ec7m. K\u00ednh c\u00f3 th\u1ec3 ph\u00f3ng to m\u00e0n h\u00ecnh g\u1ea5p 5 l\u1ea7n, l\u1edbn h\u01a1n k\u00edch th\u01b0\u1edbc m\u00e0n h\u00ecnh ipad, v\u1edbi gi\u00e1 \u0111\u1ee1 \u0111\u1ecbnh v\u1ecb kho\u1ea3ng c\u00e1ch h\u1ee3p l\u00fd gi\u00fap h\u00ecnh \u1ea3nh s\u1eafc n\u00e9t, ch\u00e2n th\u1eadt v\u00e0 s\u1ed1ng \u0111\u1ed9ng.<\/p>\n<p><strong><a href=\"http:\/\/shop2.khowebseotop.vn\/\">Vuatienich.vn<\/a><\/strong> t\u1ef1 h\u00e0o l\u00e0 \u0111\u01a1n v\u1ecb ph\u00e2n ph\u1ed1i c\u00e1c d\u00f2ng s\u1ea3n ph\u1ea9m k\u00ednh 4D ph\u00f3ng to m\u00e0n h\u00ecnh \u0111i\u1ec7n tho\u1ea1i ch\u00ednh g\u1ed1c v\u1edbi m\u1ee9c gi\u00e1 h\u1ee3p l\u00fd, v\u1edbi ch\u1ebf \u0111\u1ed9 b\u1ea3o h\u00e0nh h\u00e0ng \u0111\u1ea7u Vi\u1ec7t Nam.<\/p>\n<p><a href=\"http:\/\/shop2.khowebseotop.vn\/wp-content\/uploads\/2018\/12\/Kinh-phong-dai-man-hinh-dien-thoai-4D-6.jpg\"><img loading=\"lazy\" class=\"alignnone size-full wp-image-1481\" src=\"http:\/\/shop2.khowebseotop.vn\/wp-content\/uploads\/2018\/12\/Kinh-phong-dai-man-hinh-dien-thoai-4D-6.jpg\" alt=\"B\u00e1n s\u1ec9 K\u00ednh ph\u00f3ng \u0111\u1ea1i m\u00e0n h\u00ecnh \u0111i\u1ec7n tho\u1ea1i 4D\" width=\"800\" height=\"701\" srcset=\"https:\/\/renren.vn\/w\/bachhoa12011\/wp-content\/uploads\/2018\/12\/Kinh-phong-dai-man-hinh-dien-thoai-4D-6.jpg 800w, https:\/\/renren.vn\/w\/bachhoa12011\/wp-content\/uploads\/2018\/12\/Kinh-phong-dai-man-hinh-dien-thoai-4D-6-510x447.jpg 510w, https:\/\/renren.vn\/w\/bachhoa12011\/wp-content\/uploads\/2018\/12\/Kinh-phong-dai-man-hinh-dien-thoai-4D-6-300x263.jpg 300w, https:\/\/renren.vn\/w\/bachhoa12011\/wp-content\/uploads\/2018\/12\/Kinh-phong-dai-man-hinh-dien-thoai-4D-6-768x673.jpg 768w\" sizes=\"(max-width: 800px) 100vw, 800px\" \/><\/a><\/p>\n<h3>\u01afu \u0111i\u1ec3m n\u1ed5i b\u1eadt c\u1ee7a K\u00ednh ph\u00f3ng \u0111\u1ea1i m\u00e0n h\u00ecnh \u0111i\u1ec7n tho\u1ea1i 4D<\/h3>\n<p>S\u1ea3n ph\u1ea9m c\u00f3 thi\u1ebft k\u1ebf tinh t\u1ebf, \u0111\u1eb9p m\u1eaft v\u1edbi \u0111\u1ed9 ti\u1ec7n d\u1ee5ng cao, c\u00f3 th\u1ec3 d\u00f9ng \u0111\u01b0\u1ee3c trong ph\u00f2ng ng\u1ee7, ph\u00f2ng kh\u00e1ch, b\u1ebfp ho\u1eb7c ngo\u00e0i tr\u1eddi.<\/p>\n<p>K\u00ednh ph\u00f3ng to \u0111i\u1ec7n tho\u1ea1i gi\u00fap gi\u1ea3i ph\u00f3ng \u0111\u00f4i m\u1eaft c\u1ee7a b\u1ea1n kh\u1ecfi s\u1ef1 m\u1ec7t m\u1ecfi khi ph\u1ea3i li\u00ean t\u1ee5c nh\u00ecn m\u00e0n h\u00ecnh \u0111i\u1ec7n tho\u1ea1i v\u1edbi c\u1ef1 ly qu\u00e1 g\u1ea7n. M\u00e0n h\u00ecnh k\u00ednh ch\u1ed1ng l\u00f3a gi\u00fap b\u1ea3o v\u1ec7 \u0111\u00f4i m\u1eaft, ch\u1ed1ng l\u00f3a hi\u1ec7u qu\u1ea3, cho ch\u1ea5t l\u01b0\u1ee3ng h\u00ecnh \u1ea3nh t\u1ed1t h\u01a1n.<\/p>\n<p>S\u1ea3n ph\u1ea9m c\u00f3 th\u1ec3 g\u1ea5p g\u1ecdn l\u1ea1i b\u1eb1ng k\u00edch th\u01b0\u1edbc c\u1ee7a m\u1ed9t chi\u1ebfc ipad gi\u00fap b\u1ea1n d\u1ec5 d\u00e0ng mang theo b\u00ean m\u00ecnh v\u00e0 s\u1eed d\u1ee5ng b\u1ea5t c\u1ee9 l\u00fac n\u00e0o, nh\u01b0 l\u00e0 m\u1ed9t b\u1ed9 \u0111\u00f4i kh\u00f4ng th\u1ec3 t\u00e1ch r\u1eddi v\u1edbi d\u1ebf y\u00eau \u0111\u1ec3 b\u1ea1n c\u00f3 nh\u1eefng ph\u00fat gi\u00e2y th\u01b0 gi\u00e3n tuy\u1ec7t v\u1eddi nh\u1ea5t.<\/p>\n<p><a href=\"http:\/\/shop2.khowebseotop.vn\/wp-content\/uploads\/2018\/12\/Kinh-phong-dai-man-hinh-dien-thoai-4D-2.jpg\"><img loading=\"lazy\" class=\"alignnone size-full wp-image-1476\" src=\"http:\/\/shop2.khowebseotop.vn\/wp-content\/uploads\/2018\/12\/Kinh-phong-dai-man-hinh-dien-thoai-4D-2.jpg\" alt=\"B\u00e1n s\u1ec9 K\u00ednh ph\u00f3ng \u0111\u1ea1i m\u00e0n h\u00ecnh \u0111i\u1ec7n tho\u1ea1i 4D\" width=\"800\" height=\"474\" srcset=\"https:\/\/renren.vn\/w\/bachhoa12011\/wp-content\/uploads\/2018\/12\/Kinh-phong-dai-man-hinh-dien-thoai-4D-2.jpg 800w, https:\/\/renren.vn\/w\/bachhoa12011\/wp-content\/uploads\/2018\/12\/Kinh-phong-dai-man-hinh-dien-thoai-4D-2-510x302.jpg 510w, https:\/\/renren.vn\/w\/bachhoa12011\/wp-content\/uploads\/2018\/12\/Kinh-phong-dai-man-hinh-dien-thoai-4D-2-300x178.jpg 300w, https:\/\/renren.vn\/w\/bachhoa12011\/wp-content\/uploads\/2018\/12\/Kinh-phong-dai-man-hinh-dien-thoai-4D-2-768x455.jpg 768w\" sizes=\"(max-width: 800px) 100vw, 800px\" \/><\/a><\/p>\n<p><strong>Th\u00f4ng tin s\u1ea3n ph\u1ea9m :<\/strong><\/p>\n<p>\u2013 Ch\u1ea5t li\u1ec7u: G\u1ed7 + Acrylic<br \/>\n\u2013 K\u00edch th\u01b0\u1edbc s\u1ea3n ph\u1ea9m: 26.2 * 19.2cm<br \/>\n\u2013 Tr\u1ecdng l\u01b0\u1ee3ng duy nh\u1ea5t: 351g<\/p>\n<p><a href=\"http:\/\/shop2.khowebseotop.vn\/wp-content\/uploads\/2018\/12\/Kinh-phong-dai-man-hinh-dien-thoai-4D-3.jpg\"><img loading=\"lazy\" class=\"alignnone size-full wp-image-1478\" src=\"http:\/\/shop2.khowebseotop.vn\/wp-content\/uploads\/2018\/12\/Kinh-phong-dai-man-hinh-dien-thoai-4D-3.jpg\" alt=\"B\u00e1n bu\u00f4n K\u00ednh ph\u00f3ng \u0111\u1ea1i m\u00e0n h\u00ecnh \u0111i\u1ec7n tho\u1ea1i 4D\" width=\"800\" height=\"467\" srcset=\"https:\/\/renren.vn\/w\/bachhoa12011\/wp-content\/uploads\/2018\/12\/Kinh-phong-dai-man-hinh-dien-thoai-4D-3.jpg 800w, https:\/\/renren.vn\/w\/bachhoa12011\/wp-content\/uploads\/2018\/12\/Kinh-phong-dai-man-hinh-dien-thoai-4D-3-510x298.jpg 510w, https:\/\/renren.vn\/w\/bachhoa12011\/wp-content\/uploads\/2018\/12\/Kinh-phong-dai-man-hinh-dien-thoai-4D-3-300x175.jpg 300w, https:\/\/renren.vn\/w\/bachhoa12011\/wp-content\/uploads\/2018\/12\/Kinh-phong-dai-man-hinh-dien-thoai-4D-3-768x448.jpg 768w\" sizes=\"(max-width: 800px) 100vw, 800px\" \/><\/a><\/p>\n<h4><strong>M\u1ed9t s\u1ed1 l\u01b0u \u00fd khi s\u1eed d\u1ee5ng k\u00ednh 4D ph\u00f3ng to m\u00e0n h\u00ecnh \u0111i\u1ec7n tho\u1ea1i<\/strong><\/h4>\n<p>Kh\u00f4ng s\u1eed d\u1ee5ng s\u1ea3n ph\u1ea9m d\u01b0\u1edbi \u00e1nh n\u1eafng tr\u1ef1c ti\u1ebfp. D\u01b0\u1edbi \u00e1nh s\u00e1ng v\u1edbi c\u01b0\u1eddng \u0111\u1ed9 m\u1ea1nh, ch\u1ea5t l\u01b0\u1ee3ng h\u00ecnh \u1ea3nh ph\u1ea3n chi\u1ebfu s\u1ebd b\u1ecb \u1ea3nh h\u01b0\u1edfng.<\/p>\n<p>D\u00f9ng kh\u0103n m\u1ec1m lau theo chi\u1ec1u d\u1ecdc m\u00e0n h\u00ecnh k\u00ednh \u0111\u1ec3 k\u00e9o d\u00e0i tu\u1ed5i th\u1ecd s\u1ea3n ph\u1ea9m<\/p>\n<p>\u0110\u1ec3 \u0111\u1ea1t ch\u1ea5t l\u01b0\u1ee3ng h\u00ecnh \u1ea3nh t\u1ed1t nh\u1ea5t v\u00e0 tr\u00e1nh t\u00ecnh tr\u1ea1ng m\u1ecfi m\u1eaft, qu\u00fd kh\u00e1ch vui l\u00f2ng \u0111i\u1ec1u ch\u1ec9nh m\u00e0n h\u00ecnh k\u00ednh theo h\u01b0\u1edbng \u00e1nh s\u00e1ng ph\u00f9 h\u1ee3p.<\/p>\n<p>\u0110i\u1ec1u ch\u1ec9nh c\u1ef1 ly k\u00ednh so v\u1edbi \u0111i\u1ec7n tho\u1ea1i c\u1ee7a b\u1ea1n m\u1ed9t c\u00e1ch ph\u00f9 h\u1ee3p \u0111\u1ec3 \u0111\u1ea1t hi\u1ec7u qu\u1ea3 xem t\u1ed1i \u0111a.<\/p>\n<p>Kho\u1ea3ng c\u00e1ch gi\u1eefa m\u1eaft v\u1edbi k\u00ednh ph\u1ea3n chi\u1ebfu th\u00edch h\u1ee3p trong kho\u1ea3ng 0,5 m\u00e9t.<\/p>\n<p><a href=\"http:\/\/shop2.khowebseotop.vn\/wp-content\/uploads\/2018\/12\/Kinh-phong-dai-man-hinh-dien-thoai-4D-4.jpg\"><img loading=\"lazy\" class=\"alignnone size-full wp-image-1479\" src=\"http:\/\/shop2.khowebseotop.vn\/wp-content\/uploads\/2018\/12\/Kinh-phong-dai-man-hinh-dien-thoai-4D-4.jpg\" alt=\"B\u00e1n bu\u00f4n K\u00ednh ph\u00f3ng \u0111\u1ea1i m\u00e0n h\u00ecnh \u0111i\u1ec7n tho\u1ea1i 4D\" width=\"800\" height=\"479\" srcset=\"https:\/\/renren.vn\/w\/bachhoa12011\/wp-content\/uploads\/2018\/12\/Kinh-phong-dai-man-hinh-dien-thoai-4D-4.jpg 800w, https:\/\/renren.vn\/w\/bachhoa12011\/wp-content\/uploads\/2018\/12\/Kinh-phong-dai-man-hinh-dien-thoai-4D-4-510x305.jpg 510w, https:\/\/renren.vn\/w\/bachhoa12011\/wp-content\/uploads\/2018\/12\/Kinh-phong-dai-man-hinh-dien-thoai-4D-4-300x180.jpg 300w, https:\/\/renren.vn\/w\/bachhoa12011\/wp-content\/uploads\/2018\/12\/Kinh-phong-dai-man-hinh-dien-thoai-4D-4-768x460.jpg 768w\" sizes=\"(max-width: 800px) 100vw, 800px\" \/><\/a><\/p>\n<p><strong>K\u00ednh ph\u00f3ng to m\u00e0n h\u00ecnh cho \u0111i\u1ec7n tho\u1ea1i<\/strong> l\u00e0 m\u1ed9t s\u1ea3n ph\u1ea9m ti\u1ec7n \u00edch th\u00f4ng minh, cho b\u1ea1n m\u1ed9t gi\u1ea3i ph\u00e1p ti\u1ebft ki\u1ec7m \u0111\u1ec3 c\u00f3 th\u1ec3 tho\u1ea3i m\u00e1i xem phim tr\u00ean \u0111i\u1ec7n tho\u1ea1i, gi\u00fap b\u1ea3o v\u1ec7 m\u1eaft v\u00e0 s\u1ee9c kh\u1ecfe c\u1ee7a b\u1ea1n. S\u1ea3n ph\u1ea9m thu\u1ed9c top 10 s\u1ea3n ph\u1ea9m c\u00f4ng ngh\u1ec7 b\u00e1n ch\u1ea1y nh\u1ea5t n\u1eeda \u0111\u1ea7u 2018.<\/p>\n<p>Mua ngay s\u1ea3n ph\u1ea9m hot nh\u1ea5t hi\u1ec7n nay v\u1edbi m\u1ee9c gi\u00e1 \u01b0u \u0111\u00e3i t\u1ea1i VUATIENICH.VN<\/p>\n<p><strong>Xem th\u00eam : <a href=\"http:\/\/shop2.khowebseotop.vn\/do-cong-nghe\/\">\u0110\u1ed3 c\u00f4ng ngh\u1ec7 ti\u1ec7n \u00edch<\/a><\/strong><\/p>\n","protected":false},"excerpt":{"rendered":"<ul>\n<li>S\u1ea3n ph\u1ea9m c\u00f3 thi\u1ebft k\u1ebf tinh t\u1ebf, \u0111\u1eb9p m\u1eaft v\u1edbi \u0111\u1ed9 ti\u1ec7n d\u1ee5ng cao, c\u00f3 th\u1ec3 d\u00f9ng \u0111\u01b0\u1ee3c trong ph\u00f2ng ng\u1ee7, ph\u00f2ng kh\u00e1ch, b\u1ebfp ho\u1eb7c ngo\u00e0i tr\u1eddi.<\/li>\n<li>K\u00ednh ph\u00f3ng to \u0111i\u1ec7n tho\u1ea1i gi\u00fap gi\u1ea3i ph\u00f3ng \u0111\u00f4i m\u1eaft c\u1ee7a b\u1ea1n kh\u1ecfi s\u1ef1 m\u1ec7t m\u1ecfi khi ph\u1ea3i li\u00ean t\u1ee5c nh\u00ecn m\u00e0n h\u00ecnh \u0111i\u1ec7n tho\u1ea1i v\u1edbi c\u1ef1 ly qu\u00e1 g\u1ea7n. M\u00e0n h\u00ecnh k\u00ednh ch\u1ed1ng l\u00f3a gi\u00fap b\u1ea3o v\u1ec7 \u0111\u00f4i m\u1eaft, ch\u1ed1ng l\u00f3a hi\u1ec7u qu\u1ea3, cho ch\u1ea5t l\u01b0\u1ee3ng h\u00ecnh \u1ea3nh t\u1ed1t h\u01a1n.<\/li>\n<li>S\u1ea3n ph\u1ea9m c\u00f3 th\u1ec3 g\u1ea5p g\u1ecdn l\u1ea1i b\u1eb1ng k\u00edch th\u01b0\u1edbc c\u1ee7a m\u1ed9t chi\u1ebfc ipad gi\u00fap b\u1ea1n d\u1ec5 d\u00e0ng mang theo b\u00ean m\u00ecnh v\u00e0 s\u1eed d\u1ee5ng b\u1ea5t c\u1ee9 l\u00fac n\u00e0o, nh\u01b0 l\u00e0 m\u1ed9t b\u1ed9 \u0111\u00f4i kh\u00f4ng th\u1ec3 t\u00e1ch r\u1eddi v\u1edbi d\u1ebf y\u00eau \u0111\u1ec3 b\u1ea1n c\u00f3 nh\u1eefng ph\u00fat gi\u00e2y th\u01b0 gi\u00e3n tuy\u1ec7t v\u1eddi nh\u1ea5t.<\/li>\n<\/ul>\n","protected":false},"featured_media":1480,"comment_status":"open","ping_status":"closed","template":"","meta":[],"_links":{"self":[{"href":"https:\/\/renren.vn\/w\/bachhoa12011\/wp-json\/wp\/v2\/product\/1477"}],"collection":[{"href":"https:\/\/renren.vn\/w\/bachhoa12011\/wp-json\/wp\/v2\/product"}],"about":[{"href":"https:\/\/renren.vn\/w\/bachhoa12011\/wp-json\/wp\/v2\/types\/product"}],"replies":[{"embeddable":true,"href":"https:\/\/renren.vn\/w\/bachhoa12011\/wp-json\/wp\/v2\/comments?post=1477"}],"wp:featuredmedia":[{"embeddable":true,"href":"https:\/\/renren.vn\/w\/bachhoa12011\/wp-json\/wp\/v2\/media\/1480"}],"wp:attachment":[{"href":"https:\/\/renren.vn\/w\/bachhoa12011\/wp-json\/wp\/v2\/media?parent=1477"}],"curies":[{"name":"wp","href":"https:\/\/api.w.org\/{rel}","templated":true}]}}