{"id":1458,"date":"2018-12-07T10:40:11","date_gmt":"2018-12-07T03:40:11","guid":{"rendered":"http:\/\/shop2.khowebseotop.vn\/?post_type=product&#038;p=1458"},"modified":"2018-12-07T10:40:11","modified_gmt":"2018-12-07T03:40:11","slug":"bo-do-choi-cau-ca-dien-tu-co-nhac-cho-be","status":"publish","type":"product","link":"https:\/\/renren.vn\/w\/bachhoa12011\/san-pham\/bo-do-choi-cau-ca-dien-tu-co-nhac-cho-be\/","title":{"rendered":"B\u1ed9 \u0111\u1ed3 ch\u01a1i c\u00e2u c\u00e1 \u0111i\u1ec7n t\u1eed c\u00f3 nh\u1ea1c cho b\u00e9"},"content":{"rendered":"<h2>B\u1ed9 \u0111\u1ed3 ch\u01a1i c\u00e2u c\u00e1 \u0111i\u1ec7n t\u1eed c\u00f3 nh\u1ea1c cho b\u00e9<\/h2>\n<p><strong>B\u1ed9 \u0111\u1ed3 ch\u01a1i c\u00e2u c\u00e1 \u0111i\u1ec7n t\u1eed c\u00f3 nh\u1ea1c<\/strong> \u0111\u01b0\u1ee3c thi\u1ebft k\u1ebf \u0111\u1ed9c \u0111\u00e1o v\u1edbi m\u00e0u s\u1eafc v\u00e0 c\u00e1c sinh v\u1eadt bi\u1ec3n \u0111\u1eb9p m\u1eaft l\u00e0 m\u00f3n qu\u00e0 l\u00fd t\u01b0\u1edfng gi\u00fap b\u00e9 vui ch\u01a1i v\u00e0 ph\u00e1t tri\u1ec3n tr\u00ed tu\u1ec7.<\/p>\n<p><a href=\"http:\/\/shop2.khowebseotop.vn\/wp-content\/uploads\/2018\/12\/do-choi-cau-ca-dien-tu-co-phat-nhac-cho-be-1.jpg\"><img loading=\"lazy\" class=\"alignnone size-full wp-image-1381\" src=\"http:\/\/shop2.khowebseotop.vn\/wp-content\/uploads\/2018\/12\/do-choi-cau-ca-dien-tu-co-phat-nhac-cho-be-1.jpg\" alt=\"B\u1ed9 \u0111\u1ed3 ch\u01a1i c\u00e2u c\u00e1 \u0111i\u1ec7n t\u1eed c\u00f3 nh\u1ea1c cho b\u00e9\" width=\"600\" height=\"518\" srcset=\"https:\/\/renren.vn\/w\/bachhoa12011\/wp-content\/uploads\/2018\/12\/do-choi-cau-ca-dien-tu-co-phat-nhac-cho-be-1.jpg 600w, https:\/\/renren.vn\/w\/bachhoa12011\/wp-content\/uploads\/2018\/12\/do-choi-cau-ca-dien-tu-co-phat-nhac-cho-be-1-510x440.jpg 510w, https:\/\/renren.vn\/w\/bachhoa12011\/wp-content\/uploads\/2018\/12\/do-choi-cau-ca-dien-tu-co-phat-nhac-cho-be-1-300x259.jpg 300w\" sizes=\"(max-width: 600px) 100vw, 600px\" \/><\/a><\/p>\n<p>D\u1ef1a n\u00ean nguy\u00ean t\u1eafc t\u1eeb t\u00ednh, trong m\u1ed7i ch\u00fa c\u00e1 s\u1ebd c\u00f3 1 vi\u00ean bi s\u1eaft, h\u1ed3 c\u00e2u t\u00edch h\u1ee3p nam ch\u00e2m, khi b\u1eadt pin c\u00e1c ch\u00fa c\u00e1 s\u1ebd chuy\u1ec3n \u0111\u1ed9ng v\u00f4 c\u00f9ng t\u1ef1 nhi\u00ean. B\u00e9 c\u00f3 th\u1ec3 s\u1eed d\u1ee5ng c\u1ea3 2 c\u1ea7n c\u00e2u \u0111\u1ec3 c\u00e2u c\u00e1c ch\u00fa c\u00e1 ng\u1ed9 ngh\u0129nh v\u1edbi m\u00e0u s\u1eafc \u0111\u00e1ng y\u00eau k\u1ec3 c\u1ea3 c\u00e2u tr\u00ean c\u1ea1n hay khi \u0111\u1ed5 n\u01b0\u1edbc v\u00e0o h\u1ed3 c\u00e2u.<\/p>\n<p><a href=\"http:\/\/shop2.khowebseotop.vn\/wp-content\/uploads\/2018\/12\/do-choi-cau-ca-dien-tu-co-phat-nhac-cho-be-2.jpg\"><img loading=\"lazy\" class=\"alignnone size-full wp-image-1382\" src=\"http:\/\/shop2.khowebseotop.vn\/wp-content\/uploads\/2018\/12\/do-choi-cau-ca-dien-tu-co-phat-nhac-cho-be-2.jpg\" alt=\"B\u1ed9 \u0111\u1ed3 ch\u01a1i c\u00e2u c\u00e1 \u0111i\u1ec7n t\u1eed c\u00f3 nh\u1ea1c cho b\u00e9\" width=\"600\" height=\"600\" srcset=\"https:\/\/renren.vn\/w\/bachhoa12011\/wp-content\/uploads\/2018\/12\/do-choi-cau-ca-dien-tu-co-phat-nhac-cho-be-2.jpg 600w, https:\/\/renren.vn\/w\/bachhoa12011\/wp-content\/uploads\/2018\/12\/do-choi-cau-ca-dien-tu-co-phat-nhac-cho-be-2-510x510.jpg 510w, https:\/\/renren.vn\/w\/bachhoa12011\/wp-content\/uploads\/2018\/12\/do-choi-cau-ca-dien-tu-co-phat-nhac-cho-be-2-150x150.jpg 150w, https:\/\/renren.vn\/w\/bachhoa12011\/wp-content\/uploads\/2018\/12\/do-choi-cau-ca-dien-tu-co-phat-nhac-cho-be-2-300x300.jpg 300w, https:\/\/renren.vn\/w\/bachhoa12011\/wp-content\/uploads\/2018\/12\/do-choi-cau-ca-dien-tu-co-phat-nhac-cho-be-2-100x100.jpg 100w\" sizes=\"(max-width: 600px) 100vw, 600px\" \/><\/a><\/p>\n<h3>\u0110\u1eb7c \u0111i\u1ec3m n\u1ed5i b\u1eadt c\u1ee7a \u0111\u1ed3 ch\u01a1i c\u00e2u c\u00e1 \u0111i\u1ec7n t\u1eed c\u00f3 nh\u1ea1c :<\/h3>\n<ul>\n<li>B\u1ed9 \u0111\u1ed3 ch\u01a1i c\u00e2u c\u00e1 \u0111i\u1ec7n t\u1eed cho b\u00e9 c\u00f3 \u0111\u00e8n v\u00e0 ph\u00e1t nh\u1ea1c l\u00e0 m\u00f3n qu\u00e0 l\u00fd t\u01b0\u1edfng gi\u00fap b\u00e9 vui ch\u01a1i v\u00e0 ph\u00e1t tri\u1ec3n tr\u00ed tu\u1ec7.<\/li>\n<li>S\u1ea3n ph\u1ea9m \u0111\u01b0\u1ee3c thi\u1ebft k\u1ebf \u0111\u1ed9c \u0111\u00e1o m\u00e0u s\u1eafc v\u00e0 c\u00e1c sinh v\u1eadt bi\u1ec3n \u0111\u1eb9p m\u1eaft thu h\u00fat s\u1ef1 t\u00f2 m\u00f2 c\u1ee7a b\u00e9.<\/li>\n<li>B\u1ec3 c\u00e1 c\u00f3 th\u1ec3 \u0111\u1ed5 n\u01b0\u1edbc cho b\u00e9 th\u1ecfa s\u1ee9c c\u00e2u c\u00e1. M\u1ed7i c\u1ea7n c\u00e2u g\u1eafn nam ch\u00e2m gi\u00fap b\u00e9 d\u1ec5 c\u00e2u c\u00e1.<\/li>\n<li>Ch\u1ea5t li\u1ec7u: Nh\u1ef1a ABS an to\u00e0n cho s\u1ee9c kh\u1ecfe c\u1ee7a b\u00e9.<\/li>\n<li>B\u1ed9 s\u1ea3n ph\u1ea9m g\u1ed3m: 1 b\u1ec3 c\u00e1; nhi\u1ec1u lo\u1ea1i c\u00e1 \u0111a d\u1ea1ng, s\u1eafc m\u00e0u; 2 r\u1ed5 \u0111\u1ef1ng c\u00e1; 1 c\u1ea7n c\u00e2u c\u00e1; 1 c\u1ea7n v\u1ee3t c\u00e1.<\/li>\n<li>B\u1ed9 \u0111\u1ed3 ch\u01a1i d\u00f9ng 3 pin AA, c\u00f3 \u0111\u00e8n v\u00e0 nh\u1ea1c r\u1ea5t l\u00e0 vui tai gi\u00fap c\u00e1c b\u00e9 h\u00e0o h\u1ee9ng v\u00e0 thich th\u00fa h\u01a1n khi s\u1eed d\u1ee5ng.<\/li>\n<\/ul>\n<p><a href=\"http:\/\/shop2.khowebseotop.vn\/wp-content\/uploads\/2018\/12\/do-choi-cau-ca-dien-tu-co-phat-nhac-cho-be-3.jpg\"><img loading=\"lazy\" class=\"alignnone size-full wp-image-1383\" src=\"http:\/\/shop2.khowebseotop.vn\/wp-content\/uploads\/2018\/12\/do-choi-cau-ca-dien-tu-co-phat-nhac-cho-be-3.jpg\" alt=\"B\u00e1n bu\u00f4n B\u1ed9 \u0111\u1ed3 ch\u01a1i c\u00e2u c\u00e1 \u0111i\u1ec7n t\u1eed c\u00f3 nh\u1ea1c cho b\u00e9\" width=\"600\" height=\"591\" srcset=\"https:\/\/renren.vn\/w\/bachhoa12011\/wp-content\/uploads\/2018\/12\/do-choi-cau-ca-dien-tu-co-phat-nhac-cho-be-3.jpg 600w, https:\/\/renren.vn\/w\/bachhoa12011\/wp-content\/uploads\/2018\/12\/do-choi-cau-ca-dien-tu-co-phat-nhac-cho-be-3-510x502.jpg 510w, https:\/\/renren.vn\/w\/bachhoa12011\/wp-content\/uploads\/2018\/12\/do-choi-cau-ca-dien-tu-co-phat-nhac-cho-be-3-300x296.jpg 300w, https:\/\/renren.vn\/w\/bachhoa12011\/wp-content\/uploads\/2018\/12\/do-choi-cau-ca-dien-tu-co-phat-nhac-cho-be-3-100x100.jpg 100w\" sizes=\"(max-width: 600px) 100vw, 600px\" \/><\/a><\/p>\n<p><strong>Th\u00f4ng tin s\u1ea3n ph\u1ea9m :<\/strong><\/p>\n<p>\u2013 M\u00e0u s\u1eafc: xanh d\u01b0\u01a1ng, h\u1ed3ng.<br \/>\n\u2013 K\u00edch th\u01b0\u1edbc s\u1ea3n ph\u1ea9m: 30x18x10cm( DxRxC)<br \/>\n\u2013 K\u00edch th\u01b0\u1edbc h\u1ed9p: 44x27x9cm( DxRxC)<br \/>\n\u2013 Ngu\u1ed3n: Pin AAA<br \/>\n\u2013 Xu\u1ea5t x\u1ee9: Trung Qu\u1ed1c.<\/p>\n<p><a href=\"http:\/\/shop2.khowebseotop.vn\/wp-content\/uploads\/2018\/12\/do-choi-cau-ca-dien-tu-co-phat-nhac-cho-be-4.jpg\"><img loading=\"lazy\" class=\"alignnone size-full wp-image-1384\" src=\"http:\/\/shop2.khowebseotop.vn\/wp-content\/uploads\/2018\/12\/do-choi-cau-ca-dien-tu-co-phat-nhac-cho-be-4.jpg\" alt=\"B\u00e1n bu\u00f4n B\u1ed9 \u0111\u1ed3 ch\u01a1i c\u00e2u c\u00e1 \u0111i\u1ec7n t\u1eed c\u00f3 nh\u1ea1c cho b\u00e9\" width=\"600\" height=\"414\" srcset=\"https:\/\/renren.vn\/w\/bachhoa12011\/wp-content\/uploads\/2018\/12\/do-choi-cau-ca-dien-tu-co-phat-nhac-cho-be-4.jpg 600w, https:\/\/renren.vn\/w\/bachhoa12011\/wp-content\/uploads\/2018\/12\/do-choi-cau-ca-dien-tu-co-phat-nhac-cho-be-4-510x352.jpg 510w, https:\/\/renren.vn\/w\/bachhoa12011\/wp-content\/uploads\/2018\/12\/do-choi-cau-ca-dien-tu-co-phat-nhac-cho-be-4-300x207.jpg 300w\" sizes=\"(max-width: 600px) 100vw, 600px\" \/><\/a><\/p>\n<p>Xem th\u00eam : <a href=\"http:\/\/shop2.khowebseotop.vn\/do-cho-me-va-be\/do-choi-cho-be\/\">\u0110\u1ed3 ch\u01a1i cho b\u00e9<\/a><\/p>\n","protected":false},"excerpt":{"rendered":"<ul>\n<li>B\u1ed9 \u0111\u1ed3 ch\u01a1i c\u00e2u c\u00e1 \u0111i\u1ec7n t\u1eed cho b\u00e9 c\u00f3 \u0111\u00e8n v\u00e0 ph\u00e1t nh\u1ea1c l\u00e0 m\u00f3n qu\u00e0 l\u00fd t\u01b0\u1edfng gi\u00fap b\u00e9 vui ch\u01a1i v\u00e0 ph\u00e1t tri\u1ec3n tr\u00ed tu\u1ec7.<\/li>\n<li>S\u1ea3n ph\u1ea9m \u0111\u01b0\u1ee3c thi\u1ebft k\u1ebf \u0111\u1ed9c \u0111\u00e1o m\u00e0u s\u1eafc v\u00e0 c\u00e1c sinh v\u1eadt bi\u1ec3n \u0111\u1eb9p m\u1eaft thu h\u00fat s\u1ef1 t\u00f2 m\u00f2 c\u1ee7a b\u00e9.<\/li>\n<li>B\u1ec3 c\u00e1 c\u00f3 th\u1ec3 \u0111\u1ed5 n\u01b0\u1edbc cho b\u00e9 th\u1ecfa s\u1ee9c c\u00e2u c\u00e1. M\u1ed7i c\u1ea7n c\u00e2u g\u1eafn nam ch\u00e2m gi\u00fap b\u00e9 d\u1ec5 c\u00e2u c\u00e1.<\/li>\n<li>Ch\u1ea5t li\u1ec7u: Nh\u1ef1a ABS an to\u00e0n cho s\u1ee9c kh\u1ecfe c\u1ee7a b\u00e9.<\/li>\n<\/ul>\n","protected":false},"featured_media":1383,"comment_status":"open","ping_status":"closed","template":"","meta":[],"_links":{"self":[{"href":"https:\/\/renren.vn\/w\/bachhoa12011\/wp-json\/wp\/v2\/product\/1458"}],"collection":[{"href":"https:\/\/renren.vn\/w\/bachhoa12011\/wp-json\/wp\/v2\/product"}],"about":[{"href":"https:\/\/renren.vn\/w\/bachhoa12011\/wp-json\/wp\/v2\/types\/product"}],"replies":[{"embeddable":true,"href":"https:\/\/renren.vn\/w\/bachhoa12011\/wp-json\/wp\/v2\/comments?post=1458"}],"wp:featuredmedia":[{"embeddable":true,"href":"https:\/\/renren.vn\/w\/bachhoa12011\/wp-json\/wp\/v2\/media\/1383"}],"wp:attachment":[{"href":"https:\/\/renren.vn\/w\/bachhoa12011\/wp-json\/wp\/v2\/media?parent=1458"}],"curies":[{"name":"wp","href":"https:\/\/api.w.org\/{rel}","templated":true}]}}