{"id":1457,"date":"2018-12-07T10:35:23","date_gmt":"2018-12-07T03:35:23","guid":{"rendered":"http:\/\/shop2.khowebseotop.vn\/?post_type=product&#038;p=1457"},"modified":"2018-12-07T10:35:24","modified_gmt":"2018-12-07T03:35:24","slug":"dan-piano-dien-tu-uon-deo-cho-be","status":"publish","type":"product","link":"https:\/\/renren.vn\/w\/bachhoa12011\/san-pham\/dan-piano-dien-tu-uon-deo-cho-be\/","title":{"rendered":"\u0110\u00e0n piano \u0111i\u1ec7n t\u1eed u\u1ed1n d\u1ebbo cho b\u00e9"},"content":{"rendered":"<h2>\u0110\u00e0n piano \u0111i\u1ec7n t\u1eed u\u1ed1n d\u1ebbo cho b\u00e9<\/h2>\n<p><strong>\u0110\u00e0n piano \u0111i\u1ec7n t\u1eed u\u1ed1n d\u1ebbo\u00a0<\/strong>&#8211; nh\u1ea1c c\u1ee5 m\u1edbi di \u0111\u1ed9ng, ti\u1ec7n l\u1ee3i v\u00e0 nh\u1ecf g\u1ecdn- Gi\u1ea3i ph\u00e1p cho nh\u1eefng gia \u0111\u00ecnh c\u00f3 con th\u00edch h\u1ecdc Piano, nh\u01b0ng m\u1ed9t chi\u1ebfc \u0111\u00e0n v\u1eeba qu\u00e1 \u0111\u1eaft l\u1ea1i c\u1ed3ng k\u1ec1nh t\u1ed1n di\u1ec7n t\u00edch kh\u00f4ng th\u00edch h\u1ee3p cho c\u0103n nh\u00e0 nh\u1ecf c\u1ee7a b\u1ea1n.<\/p>\n<p><a href=\"http:\/\/shop2.khowebseotop.vn\/wp-content\/uploads\/2018\/12\/dan-piano-dien-tu-cuon-deo-cho-be-1.jpg\"><img loading=\"lazy\" class=\"alignnone size-full wp-image-1376\" src=\"http:\/\/shop2.khowebseotop.vn\/wp-content\/uploads\/2018\/12\/dan-piano-dien-tu-cuon-deo-cho-be-1.jpg\" alt=\"\u0110\u00e0n piano \u0111i\u1ec7n t\u1eed u\u1ed1n d\u1ebbo cho b\u00e9\" width=\"600\" height=\"600\" srcset=\"https:\/\/renren.vn\/w\/bachhoa12011\/wp-content\/uploads\/2018\/12\/dan-piano-dien-tu-cuon-deo-cho-be-1.jpg 600w, https:\/\/renren.vn\/w\/bachhoa12011\/wp-content\/uploads\/2018\/12\/dan-piano-dien-tu-cuon-deo-cho-be-1-510x510.jpg 510w, https:\/\/renren.vn\/w\/bachhoa12011\/wp-content\/uploads\/2018\/12\/dan-piano-dien-tu-cuon-deo-cho-be-1-150x150.jpg 150w, https:\/\/renren.vn\/w\/bachhoa12011\/wp-content\/uploads\/2018\/12\/dan-piano-dien-tu-cuon-deo-cho-be-1-300x300.jpg 300w, https:\/\/renren.vn\/w\/bachhoa12011\/wp-content\/uploads\/2018\/12\/dan-piano-dien-tu-cuon-deo-cho-be-1-100x100.jpg 100w\" sizes=\"(max-width: 600px) 100vw, 600px\" \/><\/a><\/p>\n<p><strong>\u0110\u00e0n piano \u0111i\u1ec7n t\u1eed u\u1ed1n d\u1ebbo<\/strong> c\u00f3 nhi\u1ec1u ph\u00edm ch\u1ee9c n\u0103ng v\u00e0 thi\u1ebft k\u1ebf ki\u1ec3u compact ti\u1ec7n l\u1ee3i, c\u00f3 loa trong \u00e2m l\u01b0\u1ee3ng l\u1edbn, b\u00e0n ph\u00edm \u0111i\u1ec7n t\u1eed si\u00eau m\u1ecfng v\u00e0 nh\u1eb9, c\u00f3 kh\u1ea3 n\u0103ng ch\u1ed1ng th\u1ea5m n\u01b0\u1edbc.<\/p>\n<p><a href=\"http:\/\/shop2.khowebseotop.vn\/wp-content\/uploads\/2018\/12\/dan-piano-dien-tu-cuon-deo-cho-be-4.jpg\"><img loading=\"lazy\" class=\"alignnone size-full wp-image-1379\" src=\"http:\/\/shop2.khowebseotop.vn\/wp-content\/uploads\/2018\/12\/dan-piano-dien-tu-cuon-deo-cho-be-4.jpg\" alt=\"B\u00e1n s\u1ec9 \u0110\u00e0n piano \u0111i\u1ec7n t\u1eed u\u1ed1n d\u1ebbo cho b\u00e9\" width=\"600\" height=\"600\" srcset=\"https:\/\/renren.vn\/w\/bachhoa12011\/wp-content\/uploads\/2018\/12\/dan-piano-dien-tu-cuon-deo-cho-be-4.jpg 600w, https:\/\/renren.vn\/w\/bachhoa12011\/wp-content\/uploads\/2018\/12\/dan-piano-dien-tu-cuon-deo-cho-be-4-510x510.jpg 510w, https:\/\/renren.vn\/w\/bachhoa12011\/wp-content\/uploads\/2018\/12\/dan-piano-dien-tu-cuon-deo-cho-be-4-150x150.jpg 150w, https:\/\/renren.vn\/w\/bachhoa12011\/wp-content\/uploads\/2018\/12\/dan-piano-dien-tu-cuon-deo-cho-be-4-300x300.jpg 300w, https:\/\/renren.vn\/w\/bachhoa12011\/wp-content\/uploads\/2018\/12\/dan-piano-dien-tu-cuon-deo-cho-be-4-100x100.jpg 100w\" sizes=\"(max-width: 600px) 100vw, 600px\" \/><\/a><\/p>\n<p><strong>\u0110\u00e0n piano \u0111i\u1ec7n t\u1eed d\u1ebbo<\/strong> c\u00f3 b\u00e0n ph\u00edm \u0111\u01b0\u1ee3c thi\u1ebft k\u1ebf \u0111\u1eb7c bi\u1ec7t d\u1ea1ng t\u1ea5m d\u1ebbo c\u00f3 th\u1ec3 d\u1ec5 d\u00e0ng cu\u1ed9n l\u1ea1i \u0111\u01b0\u1ee3c, nh\u1eefng chi\u1ebfc \u0111\u00e0n piano \u0111i\u1ec7n t\u1eed n\u00e0y r\u1ea5t g\u1ecdn nh\u1eb9 khi di chuy\u1ec3n, hay n\u1eb1m ngay ng\u1eafn trong t\u1ee7 \u0111\u1ed3 c\u1ee7a b\u1ea1n.<\/p>\n<p><a href=\"http:\/\/shop2.khowebseotop.vn\/wp-content\/uploads\/2018\/12\/dan-piano-dien-tu-cuon-deo-cho-be-3.jpg\"><img loading=\"lazy\" class=\"alignnone size-full wp-image-1378\" src=\"http:\/\/shop2.khowebseotop.vn\/wp-content\/uploads\/2018\/12\/dan-piano-dien-tu-cuon-deo-cho-be-3.jpg\" alt=\"B\u00e1n s\u1ec9 \u0110\u00e0n piano \u0111i\u1ec7n t\u1eed u\u1ed1n d\u1ebbo cho b\u00e9\" width=\"600\" height=\"372\" srcset=\"https:\/\/renren.vn\/w\/bachhoa12011\/wp-content\/uploads\/2018\/12\/dan-piano-dien-tu-cuon-deo-cho-be-3.jpg 600w, https:\/\/renren.vn\/w\/bachhoa12011\/wp-content\/uploads\/2018\/12\/dan-piano-dien-tu-cuon-deo-cho-be-3-510x316.jpg 510w, https:\/\/renren.vn\/w\/bachhoa12011\/wp-content\/uploads\/2018\/12\/dan-piano-dien-tu-cuon-deo-cho-be-3-300x186.jpg 300w\" sizes=\"(max-width: 600px) 100vw, 600px\" \/><\/a><\/p>\n<h3>\u0110\u1eb7c \u0111i\u1ec3m n\u1ed5i b\u1eadt c\u1ee7a \u0111\u00e0n piano \u0111i\u1ec7n t\u1eed u\u1ed1n d\u1ebbo :<\/h3>\n<ul>\n<li>Th\u01b0\u01a1ng hi\u1ec7u m\u1edbi 100% v\u00e0 ch\u1ea5t l\u01b0\u1ee3ng cao.<\/li>\n<li>B\u00e0n ph\u00edm ch\u1ea5t l\u01b0\u1ee3ng cao linh ho\u1ea1t b\u1eb1ng Silicon.<\/li>\n<li>49 ph\u00edm ch\u1ee9c n\u0103ng v\u00e0 30 n\u00fat ch\u1ebf \u0111\u1ed9 bao g\u1ed3m: 10 ph\u00edm nh\u1ecbp \u0111i\u1ec7u, 8 ph\u00edm tr\u1ed1ng, 2 ph\u00edm \u00e2m, ph\u00edm Replay, ch\u1ebf \u0111\u1ed9 Rhythm, ch\u1ebf \u0111\u1ed9 Drum, n\u00fat Fill in, n\u00fat One\/ One Note, ch\u1ebf \u0111\u1ed9 Demo, ch\u1ebf \u0111\u1ed9 B\u00e0i h\u1ecdc, ch\u1ebf \u0111\u1ed9 Ghi \u00e2m, ch\u1ebf \u0111\u1ed9 \u0111i\u1ec1u khi\u1ec3n Tempo, ch\u1ebf \u0111\u1ed9 \u0110i\u1ec1u khi\u1ec3n \u00e2m l\u01b0\u1ee3ng, N\u00fat Start\/ Stop.<\/li>\n<li>\u0110\u00e0n \u0111i\u1ec7n t\u1eed si\u00eau m\u1ecfng v\u00e0 nh\u1eb9 v\u1edbi \u00e2m nh\u1ea1c.<\/li>\n<li>Ch\u1ea1y b\u1eb1ng pin, chi\u1ebfc Piano r\u1ea5t nh\u1eb9 v\u00e0 nh\u1ecf g\u1ecdn n\u00ean b\u1ea1n c\u00f3 th\u1ec3 mang n\u00f3 theo b\u1ea5t c\u1ee9 n\u01a1i n\u00e0o.<\/li>\n<\/ul>\n<p><a href=\"http:\/\/shop2.khowebseotop.vn\/wp-content\/uploads\/2018\/12\/dan-piano-dien-tu-cuon-deo-cho-be-2.jpg\"><img loading=\"lazy\" class=\"alignnone size-full wp-image-1377\" src=\"http:\/\/shop2.khowebseotop.vn\/wp-content\/uploads\/2018\/12\/dan-piano-dien-tu-cuon-deo-cho-be-2.jpg\" alt=\"B\u00e1n bu\u00f4n \u0110\u00e0n piano \u0111i\u1ec7n t\u1eed u\u1ed1n d\u1ebbo cho b\u00e9\" width=\"600\" height=\"429\" srcset=\"https:\/\/renren.vn\/w\/bachhoa12011\/wp-content\/uploads\/2018\/12\/dan-piano-dien-tu-cuon-deo-cho-be-2.jpg 600w, https:\/\/renren.vn\/w\/bachhoa12011\/wp-content\/uploads\/2018\/12\/dan-piano-dien-tu-cuon-deo-cho-be-2-510x365.jpg 510w, https:\/\/renren.vn\/w\/bachhoa12011\/wp-content\/uploads\/2018\/12\/dan-piano-dien-tu-cuon-deo-cho-be-2-300x215.jpg 300w\" sizes=\"(max-width: 600px) 100vw, 600px\" \/><\/a><\/p>\n<ul>\n<li>C\u1ea3m \u1ee9ng nh\u1ea1y c\u1ea3m khi ch\u1ea1m v\u00e0o.<\/li>\n<li>T\u00edch h\u1ee3p loa.<\/li>\n<li>Cu\u1ed9n v\u00e0o d\u1ec5 d\u00e0ng \u0111\u1ec3 l\u01b0u tr\u1eef v\u00e0 mang theo.<\/li>\n<li>Ho\u00e0n to\u00e0n c\u00f3 th\u1ec3 \u0111i\u1ec1u ch\u1ec9nh, chi\u1ebfu s\u00e1ng \u0111i\u1ec1u khi\u1ec3n \u00e2m l\u01b0\u1ee3ng.<\/li>\n<li>Loa trong v\u1edbi \u00e2m thanh ng\u1ecdt ng\u00e0o.<\/li>\n<li>M\u1ec1m, c\u00e1c ph\u00edm si\u00eau m\u1ec1m d\u1ebbo (silicon-cao su\/ nh\u1ef1a ABS)<\/li>\n<li>H\u00e0ng tr\u0103m ng\u01b0\u1eddi kh\u00e1c \u0111\u00e3 ph\u00e1t hi\u1ec7n rachi\u1ebfc Piano n\u00e0y d\u1ec5 s\u1eed d\u1ee5ng, d\u1ec5 d\u00e0ng \u0111\u1ec3 l\u01b0u tr\u1eef.<\/li>\n<li>Ho\u00e0n h\u1ea3o cho tr\u1ebb em c\u1ee7a b\u1ea1n v\u00e0 cho ch\u00ednh b\u1ea1n.<\/li>\n<li>\u0110i\u1ec7n \u00e1p: DC 4.5V (pin AA1.5V x 3pcs).<\/li>\n<\/ul>\n<p><a href=\"http:\/\/shop2.khowebseotop.vn\/wp-content\/uploads\/2018\/12\/dan-piano-dien-tu-cuon-deo-cho-be-5.jpg\"><img loading=\"lazy\" class=\"alignnone size-full wp-image-1380\" src=\"http:\/\/shop2.khowebseotop.vn\/wp-content\/uploads\/2018\/12\/dan-piano-dien-tu-cuon-deo-cho-be-5.jpg\" alt=\"B\u00e1n bu\u00f4n \u0110\u00e0n piano \u0111i\u1ec7n t\u1eed u\u1ed1n d\u1ebbo cho b\u00e9\" width=\"600\" height=\"600\" srcset=\"https:\/\/renren.vn\/w\/bachhoa12011\/wp-content\/uploads\/2018\/12\/dan-piano-dien-tu-cuon-deo-cho-be-5.jpg 600w, https:\/\/renren.vn\/w\/bachhoa12011\/wp-content\/uploads\/2018\/12\/dan-piano-dien-tu-cuon-deo-cho-be-5-510x510.jpg 510w, https:\/\/renren.vn\/w\/bachhoa12011\/wp-content\/uploads\/2018\/12\/dan-piano-dien-tu-cuon-deo-cho-be-5-150x150.jpg 150w, https:\/\/renren.vn\/w\/bachhoa12011\/wp-content\/uploads\/2018\/12\/dan-piano-dien-tu-cuon-deo-cho-be-5-300x300.jpg 300w, https:\/\/renren.vn\/w\/bachhoa12011\/wp-content\/uploads\/2018\/12\/dan-piano-dien-tu-cuon-deo-cho-be-5-100x100.jpg 100w\" sizes=\"(max-width: 600px) 100vw, 600px\" \/><\/a><\/p>\n<p>S\u1ea3n ph\u1ea9m l\u00e0 m\u00f3n qu\u00e0 \u00fd ngh\u0129a d\u00e0nh t\u1eb7ng b\u00e9 , gi\u00fap b\u00e9 ph\u00e1t tri\u1ec3n n\u0103ng khi\u1ebfu \u00e2m nh\u1ea1c m\u1ecdi l\u00fac m\u1ecdi n\u01a1i.<\/p>\n<p>Xem th\u00eam : <a href=\"http:\/\/shop2.khowebseotop.vn\/do-cho-me-va-be\/do-choi-cho-be\/\">\u0110\u1ed3 ch\u01a1i cho b\u00e9<\/a><\/p>\n","protected":false},"excerpt":{"rendered":"<ul>\n<li>Th\u01b0\u01a1ng hi\u1ec7u m\u1edbi 100% v\u00e0 ch\u1ea5t l\u01b0\u1ee3ng cao.<\/li>\n<li>B\u00e0n ph\u00edm ch\u1ea5t l\u01b0\u1ee3ng cao linh ho\u1ea1t b\u1eb1ng Silicon.<\/li>\n<li>49 ph\u00edm ch\u1ee9c n\u0103ng v\u00e0 30 n\u00fat ch\u1ebf \u0111\u1ed9 bao g\u1ed3m: 10 ph\u00edm nh\u1ecbp \u0111i\u1ec7u, 8 ph\u00edm tr\u1ed1ng, 2 ph\u00edm \u00e2m, ph\u00edm Replay, ch\u1ebf \u0111\u1ed9 Rhythm, ch\u1ebf \u0111\u1ed9 Drum, n\u00fat Fill in, n\u00fat One\/ One Note, ch\u1ebf \u0111\u1ed9 Demo, ch\u1ebf \u0111\u1ed9 B\u00e0i h\u1ecdc, ch\u1ebf \u0111\u1ed9 Ghi \u00e2m, ch\u1ebf \u0111\u1ed9 \u0111i\u1ec1u khi\u1ec3n Tempo, ch\u1ebf \u0111\u1ed9 \u0110i\u1ec1u khi\u1ec3n \u00e2m l\u01b0\u1ee3ng, N\u00fat Start\/ Stop.<\/li>\n<li>\u0110\u00e0n \u0111i\u1ec7n t\u1eed si\u00eau m\u1ecfng v\u00e0 nh\u1eb9 v\u1edbi \u00e2m nh\u1ea1c.<\/li>\n<\/ul>\n","protected":false},"featured_media":1376,"comment_status":"open","ping_status":"closed","template":"","meta":[],"_links":{"self":[{"href":"https:\/\/renren.vn\/w\/bachhoa12011\/wp-json\/wp\/v2\/product\/1457"}],"collection":[{"href":"https:\/\/renren.vn\/w\/bachhoa12011\/wp-json\/wp\/v2\/product"}],"about":[{"href":"https:\/\/renren.vn\/w\/bachhoa12011\/wp-json\/wp\/v2\/types\/product"}],"replies":[{"embeddable":true,"href":"https:\/\/renren.vn\/w\/bachhoa12011\/wp-json\/wp\/v2\/comments?post=1457"}],"wp:featuredmedia":[{"embeddable":true,"href":"https:\/\/renren.vn\/w\/bachhoa12011\/wp-json\/wp\/v2\/media\/1376"}],"wp:attachment":[{"href":"https:\/\/renren.vn\/w\/bachhoa12011\/wp-json\/wp\/v2\/media?parent=1457"}],"curies":[{"name":"wp","href":"https:\/\/api.w.org\/{rel}","templated":true}]}}