{"id":1329,"date":"2018-12-06T14:02:56","date_gmt":"2018-12-06T07:02:56","guid":{"rendered":"http:\/\/shop2.khowebseotop.vn\/?post_type=product&#038;p=1329"},"modified":"2018-12-06T14:02:56","modified_gmt":"2018-12-06T07:02:56","slug":"con-lan-tap-co-bung-gym-roller-the-he-moi","status":"publish","type":"product","link":"https:\/\/renren.vn\/w\/bachhoa12011\/san-pham\/con-lan-tap-co-bung-gym-roller-the-he-moi\/","title":{"rendered":"Con l\u0103n t\u1eadp c\u01a1 b\u1ee5ng Gym Roller th\u1ebf h\u1ec7 m\u1edbi"},"content":{"rendered":"<h2>Con l\u0103n t\u1eadp c\u01a1 b\u1ee5ng Gym Roller th\u1ebf h\u1ec7 m\u1edbi<\/h2>\n<p>Thay v\u00ec \u0111\u1ea7u t\u01b0 c\u00e1c d\u00f2ng m\u00e1y t\u1eadp c\u01a1 b\u1ee5ng \u0111\u1eaft ti\u1ec1n, l\u1ea1i qu\u00e1 c\u1ed3ng k\u1ec1nh. Trong khi kh\u00f4ng gian gia \u0111\u00ecnh kh\u00f4ng \u0111\u1ee7 r\u1ed9ng. Gi\u1edd \u0111\u00e2y, ch\u1ec9 v\u1edbi <em><strong>Con l\u0103n t\u1eadp c\u01a1 b\u1ee5ng Gym Roller th\u1ebf h\u1ec7 m\u1edbi<\/strong><\/em> l\u00e0 \u0111\u1ee7 gi\u00fap b\u1ea1n s\u1edf h\u1eefu v\u00f2ng 2 thon g\u1ecdn, s\u0103n ch\u1eafc nh\u01b0 b\u1ea1n t\u1eebng mong mu\u1ed1n.<\/p>\n<p><a href=\"http:\/\/shop2.khowebseotop.vn\/wp-content\/uploads\/2018\/12\/Con-lan-tap-co-bung-gym-roller-1.jpg\"><img loading=\"lazy\" class=\"alignnone size-full wp-image-1193\" src=\"http:\/\/shop2.khowebseotop.vn\/wp-content\/uploads\/2018\/12\/Con-lan-tap-co-bung-gym-roller-1.jpg\" alt=\"Con l\u0103n t\u1eadp c\u01a1 b\u1ee5ng Gym Roller th\u1ebf h\u1ec7 m\u1edbi\" width=\"600\" height=\"446\" srcset=\"https:\/\/renren.vn\/w\/bachhoa12011\/wp-content\/uploads\/2018\/12\/Con-lan-tap-co-bung-gym-roller-1.jpg 600w, https:\/\/renren.vn\/w\/bachhoa12011\/wp-content\/uploads\/2018\/12\/Con-lan-tap-co-bung-gym-roller-1-510x379.jpg 510w, https:\/\/renren.vn\/w\/bachhoa12011\/wp-content\/uploads\/2018\/12\/Con-lan-tap-co-bung-gym-roller-1-300x223.jpg 300w\" sizes=\"(max-width: 600px) 100vw, 600px\" \/><\/a><\/p>\n<p>V\u1edbi thi\u1ebft k\u1ebf th\u00f4ng minh nh\u1ecf g\u1ecdn, th\u00e1o l\u1eafp d\u1ec5 d\u00e0ng ti\u1ec7n l\u1ee3i cho b\u1ea1n c\u00f3 th\u1ec3 c\u1ea5t, mang \u0111i xa hay nh\u1eefng bu\u1ed5i \u0111i c\u00f4ng t\u00e1c \u0111\u1ec3 kh\u00f4ng ph\u1ea3i b\u1ecf l\u1ee1 b\u1ea5t k\u00ec m\u1ed9t bu\u1ed5i t\u1eadp n\u00e0o.<\/p>\n<p>Ti\u1ebft ki\u1ec7m t\u1ed1i \u0111a kh\u00f4ng gian v\u00e0 th\u1eddi gian b\u1edfi k\u00edch th\u01b0\u1edbc c\u1ee7a <em><strong>con l\u0103n t\u1eadp b\u1ee5ng Gym Roller<\/strong><\/em> nh\u1ecf g\u1ecdn n\u00ean b\u1ea1n c\u00f3 th\u1ec3 ch\u1ecdn t\u1eadp \u1edf nhi\u1ec1u v\u1ecb tr\u00ed nh\u01b0 \u1edf ngay t\u1ea1i ph\u00f2ng ng\u1ee7, ph\u00f2ng kh\u00e1ch hay t\u1ea1i c\u00e1c c\u00f4ng vi\u00ean g\u1ea7n nh\u00e0, \u0111\u1eb7c bi\u1ec7t th\u1eddi gian l\u00fac n\u00e0y s\u1ebd do b\u1ea1n ch\u1ee7 \u0111\u1ed9ng s\u1eafp x\u1ebfp, b\u1ea1n ch\u1ec9 c\u1ea7n b\u1ecf ch\u00fat th\u1eddi gian ng\u1eafn cho m\u1ed7i ng\u00e0y t\u1eadp luy\u1ec7n v\u1eeba l\u00e0 th\u01b0 gi\u00e3n v\u1eeba s\u1ebd \u0111em l\u1ea1i hi\u1ec7u qu\u1ea3 \u0111\u00e1ng mong \u0111\u1ee3i.<\/p>\n<p><a href=\"http:\/\/shop2.khowebseotop.vn\/wp-content\/uploads\/2018\/12\/Con-lan-tap-co-bung-gym-roller-6.jpg\"><img loading=\"lazy\" class=\"alignnone size-full wp-image-1198\" src=\"http:\/\/shop2.khowebseotop.vn\/wp-content\/uploads\/2018\/12\/Con-lan-tap-co-bung-gym-roller-6.jpg\" alt=\"Con l\u0103n t\u1eadp c\u01a1 b\u1ee5ng Gym Roller th\u1ebf h\u1ec7 m\u1edbi\" width=\"600\" height=\"400\" srcset=\"https:\/\/renren.vn\/w\/bachhoa12011\/wp-content\/uploads\/2018\/12\/Con-lan-tap-co-bung-gym-roller-6.jpg 600w, https:\/\/renren.vn\/w\/bachhoa12011\/wp-content\/uploads\/2018\/12\/Con-lan-tap-co-bung-gym-roller-6-510x340.jpg 510w, https:\/\/renren.vn\/w\/bachhoa12011\/wp-content\/uploads\/2018\/12\/Con-lan-tap-co-bung-gym-roller-6-300x200.jpg 300w\" sizes=\"(max-width: 600px) 100vw, 600px\" \/><\/a><\/p>\n<p>Hi\u1ec7u qu\u1ea3 t\u00e1c \u0111\u1ed9ng \u0111\u1ebfn c\u01a1 th\u1ec3 b\u1ea1n nhanh ch\u00f3ng v\u1edbi ph\u01b0\u01a1ng ph\u00e1p \u0111\u1ed1t ch\u00e1y l\u01b0\u1ee3ng m\u1ee1 d\u01b0 th\u1eeba trong c\u01a1 th\u1ec3 b\u1ea1n v\u00e0 ng\u0103n ch\u1eb7n s\u1ef1 ph\u00e1t tri\u1ec3n c\u1ee7a c\u00e1c t\u1ebf b\u00e0o m\u1ee1 t\u1eeb \u0111\u00f3 s\u1ebd gi\u00fap cho c\u01a1 th\u1ec3 b\u1ea1n tr\u1edf l\u00ean s\u0103n ch\u1eafc, kh\u00f4ng c\u00f2n b\u1ecb ch\u1ea3y x\u1ec7, cho b\u1ea1n th\u00e2n h\u00ecnh c\u00e2n \u0111\u1ed1i t\u1ef1 tin di\u1ec7n \u0111\u1ed3 \u0111\u1eb9p.<\/p>\n<p><a href=\"http:\/\/shop2.khowebseotop.vn\/wp-content\/uploads\/2018\/12\/Con-lan-tap-co-bung-gym-roller-2.jpg\"><img loading=\"lazy\" class=\"alignnone size-full wp-image-1194\" src=\"http:\/\/shop2.khowebseotop.vn\/wp-content\/uploads\/2018\/12\/Con-lan-tap-co-bung-gym-roller-2.jpg\" alt=\"B\u00e1n s\u1ec9 Con l\u0103n t\u1eadp c\u01a1 b\u1ee5ng Gym Roller th\u1ebf h\u1ec7 m\u1edbi\" width=\"600\" height=\"600\" srcset=\"https:\/\/renren.vn\/w\/bachhoa12011\/wp-content\/uploads\/2018\/12\/Con-lan-tap-co-bung-gym-roller-2.jpg 600w, https:\/\/renren.vn\/w\/bachhoa12011\/wp-content\/uploads\/2018\/12\/Con-lan-tap-co-bung-gym-roller-2-510x510.jpg 510w, https:\/\/renren.vn\/w\/bachhoa12011\/wp-content\/uploads\/2018\/12\/Con-lan-tap-co-bung-gym-roller-2-150x150.jpg 150w, https:\/\/renren.vn\/w\/bachhoa12011\/wp-content\/uploads\/2018\/12\/Con-lan-tap-co-bung-gym-roller-2-300x300.jpg 300w, https:\/\/renren.vn\/w\/bachhoa12011\/wp-content\/uploads\/2018\/12\/Con-lan-tap-co-bung-gym-roller-2-100x100.jpg 100w\" sizes=\"(max-width: 600px) 100vw, 600px\" \/><\/a><\/p>\n<h3>\u0110\u1eb7c \u0111i\u1ec3m n\u1ed5i b\u1eadt c\u1ee7a con l\u0103n t\u1eadp c\u01a1 b\u1ee5ng Gym Roller :<\/h3>\n<ul>\n<li>Con l\u0103n t\u1eadp b\u1ee5ng GYM Roller thi\u1ebft k\u1ebf v\u1edbi t\u00ednh n\u0103ng lo\u1ea1i b\u1ecf, \u0111\u1ed1t ch\u00e1y c\u00e1c ch\u1ea5t b\u00e9o d\u01b0 th\u1eeba , kh\u00f4ng ch\u1ec9 gi\u00fap ph\u00e1t tri\u1ec3n ng\u1ef1c, vai, b\u1eafp tay m\u00e0 c\u00f2n r\u00e8n luy\u1ec7n c\u01a1 b\u1ee5ng, ph\u1ea7n d\u01b0\u1edbi v\u00e0 tr\u00ean l\u01b0ng c\u1ee7a b\u1ea1n.<\/li>\n<li>Ti\u1ebft ki\u1ec7m kh\u00f4ng gian v\u00e0 th\u1eddi gian t\u1eadp luy\u1ec7n.<\/li>\n<li>B\u00e1nh xe t\u1eadp b\u1ee5ng GYM Roller \u0111\u01b0\u1ee3c l\u00e0m b\u1eb1ng nguy\u00ean li\u1ec7u nh\u1ef1a ABS c\u1ee9ng ch\u1eafc, tay c\u1ea7m c\u00f3 th\u1ec3 th\u00e1o l\u1eafp d\u1ec5 d\u00e0ng, k\u00edch th\u01b0\u1edbc nh\u1ecf g\u1ecdn d\u1ec5 c\u1ea5t gi\u1eef.<\/li>\n<li>Tay c\u1ea7m \u0111\u01b0\u1ee3c b\u1ecdc b\u1eb1ng v\u1eadt li\u1ec7u x\u1ed1p d\u00e0y t\u0103ng c\u01b0\u1eddng ng\u01b0\u1eddi d\u00f9ng v\u00e0 d\u1ec5 s\u1eed d\u1ee5ng.<\/li>\n<li>Phanh ch\u1ee7 \u0111\u1ed9ng t\u1eeb ng\u01b0\u1eddi t\u1eadp \u2013 cho ph\u00e9p b\u1ea1n gi\u1eef v\u1ecb tr\u00ed cu\u1ed9n c\u1ee7a b\u1ea1n b\u1ea5t c\u1ee9 l\u00fac n\u00e0o.<\/li>\n<li>H\u1ec7 th\u1ed1ng 2 b\u00e1nh cho ph\u00e9p ng\u01b0\u1eddi d\u00f9ng \u0111\u1ec3 cu\u1ed9n b\u00e1nh xe d\u1ec5 d\u00e0ng v\u00e0 tho\u1ea3i m\u00e1i tuy\u1ebfn t\u00ednh v\u00e0 \u1edf nhi\u1ec1u g\u00f3c \u0111\u1ed9.<\/li>\n<\/ul>\n<p><a href=\"http:\/\/shop2.khowebseotop.vn\/wp-content\/uploads\/2018\/12\/Con-lan-tap-co-bung-gym-roller-4.jpg\"><img loading=\"lazy\" class=\"alignnone size-full wp-image-1196\" src=\"http:\/\/shop2.khowebseotop.vn\/wp-content\/uploads\/2018\/12\/Con-lan-tap-co-bung-gym-roller-4.jpg\" alt=\"B\u00e1n s\u1ec9 Con l\u0103n t\u1eadp c\u01a1 b\u1ee5ng Gym Roller th\u1ebf h\u1ec7 m\u1edbi\" width=\"600\" height=\"600\" srcset=\"https:\/\/renren.vn\/w\/bachhoa12011\/wp-content\/uploads\/2018\/12\/Con-lan-tap-co-bung-gym-roller-4.jpg 600w, https:\/\/renren.vn\/w\/bachhoa12011\/wp-content\/uploads\/2018\/12\/Con-lan-tap-co-bung-gym-roller-4-510x510.jpg 510w, https:\/\/renren.vn\/w\/bachhoa12011\/wp-content\/uploads\/2018\/12\/Con-lan-tap-co-bung-gym-roller-4-150x150.jpg 150w, https:\/\/renren.vn\/w\/bachhoa12011\/wp-content\/uploads\/2018\/12\/Con-lan-tap-co-bung-gym-roller-4-300x300.jpg 300w, https:\/\/renren.vn\/w\/bachhoa12011\/wp-content\/uploads\/2018\/12\/Con-lan-tap-co-bung-gym-roller-4-100x100.jpg 100w\" sizes=\"(max-width: 600px) 100vw, 600px\" \/><\/a><\/p>\n<p><strong>Th\u00f4ng tin s\u1ea3n ph\u1ea9m :<\/strong><\/p>\n<p>\u2013 Con l\u0103n t\u1eadp b\u1ee5ng Gym Roller thi\u1ebft k\u1ebf nh\u1ecf g\u1ecdn nh\u01b0ng v\u00f4 c\u00f9ng ch\u1eafc ch\u1eafn t\u1eeb nh\u1ef1a ABS + PP + TPR v\u00e0 tay c\u1ea7m l\u00f5i nh\u00f4m.<br \/>\n\u2013 M\u00e0u s\u1eafc: xanh + x\u00e1m, h\u1ed3ng + x\u00e1m v\u00e0 v\u00e0ng + x\u00e1m.<br \/>\n\u2013 K\u00edch th\u01b0\u1edbc con l\u0103n: 33,5 x 20 cm (r\u1ed9ng x d\u00e0i).<br \/>\n\u2013 K\u00edch th\u01b0\u1edbc \u0111\u00f3ng th\u00f9ng carton: 57 x 40 x 47 cm.<br \/>\n\u2013 Tr\u1ecdng l\u01b0\u1ee3ng s\u1ea3n ph\u1ea9m: 1.5 kg.<br \/>\n\u2013 Tr\u1ecdng l\u01b0\u1ee3ng ng\u01b0\u1eddi t\u1eadp t\u1ed1i \u0111a cho ph\u00e9p: 200 kg.<br \/>\n\u2013 B\u1ed9 s\u1ea3n ph\u1ea9m bao g\u1ed3m: 1 con l\u0103n t\u1eadp b\u1ee5ng + th\u1ea3m l\u00f3t \u0111\u1ea7u g\u1ed1i gi\u00fap b\u1ea3o v\u1ec7 \u0111\u1ea7u g\u1ed1i khi t\u1eadp.<\/p>\n<p><a href=\"http:\/\/shop2.khowebseotop.vn\/wp-content\/uploads\/2018\/12\/Con-lan-tap-co-bung-gym-roller-3.jpg\"><img loading=\"lazy\" class=\"alignnone size-full wp-image-1195\" src=\"http:\/\/shop2.khowebseotop.vn\/wp-content\/uploads\/2018\/12\/Con-lan-tap-co-bung-gym-roller-3.jpg\" alt=\"B\u00e1n bu\u00f4n Con l\u0103n t\u1eadp c\u01a1 b\u1ee5ng Gym Roller th\u1ebf h\u1ec7 m\u1edbi\" width=\"600\" height=\"480\" srcset=\"https:\/\/renren.vn\/w\/bachhoa12011\/wp-content\/uploads\/2018\/12\/Con-lan-tap-co-bung-gym-roller-3.jpg 600w, https:\/\/renren.vn\/w\/bachhoa12011\/wp-content\/uploads\/2018\/12\/Con-lan-tap-co-bung-gym-roller-3-510x408.jpg 510w, https:\/\/renren.vn\/w\/bachhoa12011\/wp-content\/uploads\/2018\/12\/Con-lan-tap-co-bung-gym-roller-3-300x240.jpg 300w\" sizes=\"(max-width: 600px) 100vw, 600px\" \/><\/a><\/p>\n<p><a href=\"http:\/\/shop2.khowebseotop.vn\/wp-content\/uploads\/2018\/12\/Con-lan-tap-co-bung-gym-roller-5.jpg\"><img loading=\"lazy\" class=\"alignnone size-full wp-image-1197\" src=\"http:\/\/shop2.khowebseotop.vn\/wp-content\/uploads\/2018\/12\/Con-lan-tap-co-bung-gym-roller-5.jpg\" alt=\"B\u00e1n bu\u00f4n Con l\u0103n t\u1eadp c\u01a1 b\u1ee5ng Gym Roller th\u1ebf h\u1ec7 m\u1edbi\" width=\"600\" height=\"480\" srcset=\"https:\/\/renren.vn\/w\/bachhoa12011\/wp-content\/uploads\/2018\/12\/Con-lan-tap-co-bung-gym-roller-5.jpg 600w, https:\/\/renren.vn\/w\/bachhoa12011\/wp-content\/uploads\/2018\/12\/Con-lan-tap-co-bung-gym-roller-5-510x408.jpg 510w, https:\/\/renren.vn\/w\/bachhoa12011\/wp-content\/uploads\/2018\/12\/Con-lan-tap-co-bung-gym-roller-5-300x240.jpg 300w\" sizes=\"(max-width: 600px) 100vw, 600px\" \/><\/a><\/p>\n<p><strong>L\u01b0u \u00fd khi s\u1eed d\u1ee5ng B\u00e1nh xe t\u1eadp c\u01a1 b\u1ee5ng Gym Roller :<\/strong><\/p>\n<p>\u2013 S\u1eed d\u1ee5ng \u0111\u1ec7m l\u00f3t g\u1ed1i \u0111\u1ec3 tr\u00e1nh g\u00e2y t\u1ed5n th\u01b0\u01a1ng cho \u0111\u1ea7u g\u1ed1i c\u1ee7a b\u1ea1n.<\/p>\n<p>\u2013 Tay n\u1eafm ch\u1eafc ch\u1eafn v\u00e0o ph\u1ea7n \u0111\u1ec7m con l\u0103n v\u00e0 th\u1ef1c hi\u1ec7n \u0111\u1ed9ng t\u00e1c \u0111\u1ea9y t\u1eeb t\u1eeb theo c\u00e1c ph\u00eda ( t\u00f9y theo b\u00e0i t\u1eadp c\u1ee7a b\u1ea1n ).<\/p>\n<p>\u2013 T\u1eadp \u1edf v\u1ecb tr\u00ed c\u00f3 b\u1ec1 m\u1eb7t s\u00e0n b\u1eb1ng ph\u1eb3ng \u0111\u1ec3 d\u1ec5 d\u00e0ng t\u1eadp luy\u1ec7n.<\/p>\n<h4><strong>H\u01b0\u1edbng d\u1eabn s\u1eed d\u1ee5ng con l\u0103n t\u1eadp b\u1ee5ng Gym Roller.<\/strong><\/h4>\n<p>\u2013 \u0110\u1ea7u ti\u00ean b\u1ea1n trong t\u01b0 th\u1ebf qu\u1ef3 \u0111\u1ea7u g\u1ed1i l\u00ean t\u1ea5m th\u1ea3m \u0111i k\u00e8m, 2 tay \u0111\u1eb7t v\u00e0o hai b\u00ean tay c\u1ea7m c\u1ee7a con l\u0103n.<\/p>\n<p>\u2013 B\u1ea1n t\u1eeb t\u1eeb \u0111\u1ea9y con l\u0103n t\u1eadp b\u1ee5ng Gym Roller ra ph\u00eda xa ng\u01b0\u1eddi b\u1ea1n v\u1edbi 1 kho\u1ea3ng c\u00e1ch nh\u1ea5t \u0111\u1ecbnh theo kh\u1ea3 n\u0103ng c\u1ee7a m\u00ecnh.<\/p>\n<p>\u2013 Ti\u1ebfp \u0111\u1ebfn b\u1ea1n di chuy\u1ec3n b\u00e1nh xe v\u1ec1 g\u1ea7n ph\u00eda th\u00e2n ng\u01b0\u1eddi c\u1ee7a m\u00ecnh sao cho vu\u00f4ng g\u00f3c v\u1edbi vai c\u1ee7a b\u1ea1n.<\/p>\n<p>\u2013 L\u1eb7p \u0111i l\u1eb7p l\u1ea1i \u0111\u1ed9ng t\u00e1c \u0111\u1ec3 ti\u1ebfp t\u1ee5c b\u00e0i t\u1eadp. V\u1edbi b\u00e0i t\u1eadp n\u00e0y th\u00ec v\u00f2ng eo c\u1ee7a b\u1ea1n tr\u1edf n\u00ean s\u0103n ch\u1eafc h\u01a1n, ph\u1ea7n c\u01a1 tr\u00ean b\u1eafp tay, \u0111\u00f9i v\u1ed1n b\u1ecb nh\u00e3o hay ch\u1ea3y s\u1ec7 s\u1ebd gi\u1ea3m d\u1ea7n v\u00e0 s\u0103n ch\u1eafc, thon g\u1ecdn, d\u1ebbo dai h\u01a1n. \u0110\u1eb7c bi\u1ec7t, ng\u1ef1c c\u1ee7a b\u1ea1n s\u1ebd n\u1edf nang, \u0111\u1ec1u v\u00e0 \u0111\u1eb9p cho b\u1ea1n m\u1ed9t th\u00e2n h\u00ecnh nam t\u00ednh.<\/p>\n<p>Xem th\u00eam : <a href=\"http:\/\/shop2.khowebseotop.vn\/cham-soc-suc-khoe-lam-dep\/dung-cu-lam-dep\/\">D\u1ee5ng c\u1ee5 l\u00e0m \u0111\u1eb9p<\/a><\/p>\n","protected":false},"excerpt":{"rendered":"<p>Thi\u1ebft b\u1ecb t\u1eadp c\u01a1 b\u1ee5ng l\u00e0 d\u1ee5ng c\u1ee5 t\u1eadp th\u1ec3 thao t\u1ea1i nh\u00e0 \u0111em l\u1ea1i hi\u1ec7u qu\u1ea3 cao cho ng\u01b0\u1eddi s\u1eed d\u1ee5ng. M\u1edbi \u0111\u00e2y c\u00e1c nh\u00e0 khoa h\u1ecdc \u0111\u00e3 \u0111\u01b0a ra d\u00f2ng s\u1ea3n ph\u1ea9m\u00a0<strong>con l\u0103n t\u1eadp b\u1ee5ng Gym Roller\u00a0<\/strong>v\u1edbi thi\u1ebft k\u1ebf s\u00e1ng t\u1ea1o, ki\u1ec3u d\u00e1ng tr\u1ebb trung n\u0103ng \u0111\u1ed9ng, \u0111\u00e1p \u1ee9ng \u0111\u01b0\u1ee3c nhi\u1ec1u b\u00e0i t\u1eadp cho c\u00e1c b\u1ea1n t\u1eadp luy\u1ec7n.<\/p>\n","protected":false},"featured_media":1194,"comment_status":"open","ping_status":"closed","template":"","meta":[],"_links":{"self":[{"href":"https:\/\/renren.vn\/w\/bachhoa12011\/wp-json\/wp\/v2\/product\/1329"}],"collection":[{"href":"https:\/\/renren.vn\/w\/bachhoa12011\/wp-json\/wp\/v2\/product"}],"about":[{"href":"https:\/\/renren.vn\/w\/bachhoa12011\/wp-json\/wp\/v2\/types\/product"}],"replies":[{"embeddable":true,"href":"https:\/\/renren.vn\/w\/bachhoa12011\/wp-json\/wp\/v2\/comments?post=1329"}],"wp:featuredmedia":[{"embeddable":true,"href":"https:\/\/renren.vn\/w\/bachhoa12011\/wp-json\/wp\/v2\/media\/1194"}],"wp:attachment":[{"href":"https:\/\/renren.vn\/w\/bachhoa12011\/wp-json\/wp\/v2\/media?parent=1329"}],"curies":[{"name":"wp","href":"https:\/\/api.w.org\/{rel}","templated":true}]}}